{"id":3613,"date":"2025-06-01T10:39:44","date_gmt":"2025-06-01T08:39:44","guid":{"rendered":"https:\/\/vous-avez-dit-bigbang.fr\/?page_id=3613"},"modified":"2025-06-01T10:42:08","modified_gmt":"2025-06-01T08:42:08","slug":"difference-entre-temps-et-espace-nest-elle-que-de-nature-relationnelle-1-06-25","status":"publish","type":"page","link":"https:\/\/vous-avez-dit-bigbang.fr\/?page_id=3613","title":{"rendered":"Diff\u00e9rence entre temps et espace n\u2019est-elle que de nature relationnelle? 1\/06\/25"},"content":{"rendered":"\n<h1 class=\"wp-block-heading\">L\u2019espace-temps seul a une nature physique en relativit\u00e9<\/h1>\n\n\n\n<p>Comme, seul, l\u2019espace-temps a une nature physique en relativit\u00e9, le temps et l\u2019espace \u00e9tant r\u00e9duits \u00e0 en \u00eatre que des \u00ab&nbsp;ombres&nbsp;\u00bb comme Minkowski l\u2019a d\u00e9clar\u00e9 en 1907, on peut se demander si cette question pr\u00e9sente vraiment un int\u00e9r\u00eat.<\/p>\n\n\n\n<h2 class=\"wp-block-heading\">La diff\u00e9rence entre espace et temps a une nature \u00ab&nbsp;relationnelle&nbsp;\u00bb<\/h2>\n\n\n\n<p>Rappelons d\u2019abord, que comme l\u2019espace et le temps ne sont que des caract\u00e8res (des ombres) de l\u2019espace-temps les relations entre l\u2019espace et le temps ne sont que des relations entre ces \u00ab&nbsp;ombres&nbsp;\u00bb de cet espace-temps.<\/p>\n\n\n\n<p>L\u2019int\u00e9r\u00eat est que comme, physiquement nous ne mesurons, en g\u00e9n\u00e9ral, que des \u00ab&nbsp;ombres&nbsp;\u00bb des entit\u00e9s spatio-temporelles, (nous mesurerons des temps, des intervalles de temps, des positions dans l\u2019espace ainsi que des intervalles d\u2019espace), ces relations peuvent nous renseigner sur l\u2019entit\u00e9 spatio-temporelle qui les produit. [1] C\u2019est dans cet objectif que cette analyse peut \u00eatre utile.<\/p>\n\n\n\n<p>Des coordonn\u00e9es d\u2019espace et de temps sont utilis\u00e9es dans la plupart (mais pas toutes) des formulations du \u00ab&nbsp;ds\u00b2&nbsp;\u00bb, intervalle d\u2019espace-temps. repr\u00e9sentant sa m\u00e9trique [2]<\/p>\n\n\n\n<p>Dans le cas le plus simple, relativit\u00e9 restreinte, ce ds\u00b2 s\u2019\u00e9crit:<\/p>\n\n\n\n<p>ds\u00b2 =-c\u00b2dt\u00b2 + dx\u00b2+dy\u00b2+dz\u00b2<\/p>\n\n\n\n<p>qui fait intervenir, les coordonn\u00e9es x, y, z pour l\u2019espace et i.c.t pour le temps.<\/p>\n\n\n\n<p>o\u00f9 \u00ab&nbsp;i&nbsp;\u00bb est le nombre imaginaire d\u00e9fini par racine carr\u00e9e de -1.<\/p>\n\n\n\n<p>Le tenseur m\u00e9trique (Minkowski) repr\u00e9sent\u00e9 sous forme d\u2019un tableau est:<\/p>\n\n\n\n<figure class=\"wp-block-image\"><img loading=\"lazy\" decoding=\"async\" width=\"195\" height=\"131\" src=\"https:\/\/vous-avez-dit-bigbang.fr\/wp-content\/uploads\/2025\/05\/image-1.png\" alt=\"\" class=\"wp-image-3610\"\/><\/figure>\n\n\n\n<p>Cette m\u00e9trique permet de d\u00e9finir des intervalles d\u2019espace-temps de tous types (temps pour la mati\u00e8re, nul pour le rayonnement, espace).<\/p>\n\n\n\n<p>Comme on peut tout aussi bien \u00e9crire<\/p>\n\n\n\n<p>ds\u00b2 =c\u00b2dt\u00b2 \u2013 dx\u00b2-dy\u00b2-dz\u00b2<\/p>\n\n\n\n<p>On voit que le caract\u00e8re \u00ab&nbsp;imaginaire&nbsp;\u00bb d\u2019une coordonn\u00e9e traduit une propri\u00e9t\u00e9 de type \u2018&nbsp;\u00bbrelationnel&nbsp;\u00bb entre l\u2019espace et le temps qui caract\u00e9rise leur diff\u00e9rence : L\u2019espace n\u2019est pas du temps et vice-versa.<\/p>\n\n\n\n<h2 class=\"wp-block-heading\">Cette diff\u00e9rence a-t-elle aussi une nature substantielle?<\/h2>\n\n\n\n<p>Dans le ds\u00b2 on voit, dans la signature de la m\u00e9trique (-+++) ou (+\u2014) que espace et temps ont une action \u00ab&nbsp;oppos\u00e9e&nbsp;\u00bb sur la valeur du ds\u00b2, comme leur signe oppos\u00e9 dans la formule le montre. C\u2019est la cons\u00e9quence de leur diff\u00e9rence relationnelle. Comme une&nbsp;<strong>action<\/strong>&nbsp;a un caract\u00e8re&nbsp;<strong>physique<\/strong>, ceci peut-il \u00eatre consid\u00e9r\u00e9 comme r\u00e9v\u00e9lateur d\u2019une diff\u00e9rence substantielle?<\/p>\n\n\n\n<p>En suivant Leibnitz qui caract\u00e9rise l\u2019existence par le fait qu\u2019elle doit agir pour avoir un caract\u00e8re physique, on est tent\u00e9 de r\u00e9pondre oui.<\/p>\n\n\n\n<h2 class=\"wp-block-heading\">Coordonn\u00e9es de type nul<\/h2>\n\n\n\n<p>Ces coordonn\u00e9es sont de nature espace-temps nativement.<\/p>\n\n\n\n<p>Dans ces conditions, en appellant u, v, w, w*, o\u00f9 w et w* sont des nombres complexes conjugu\u00e9s,[3] dans ces coordonn\u00e9es le ds\u00b2 s\u2019\u00e9crit:<\/p>\n\n\n\n<p>ds\u00b2 = -2du.dv +2dw.dw*<\/p>\n\n\n\n<p>Le tenseur m\u00e9trique, repr\u00e9sent\u00e9 sous forme de tableau est:<\/p>\n\n\n\n<figure class=\"wp-block-image\"><img loading=\"lazy\" decoding=\"async\" width=\"244\" height=\"124\" src=\"https:\/\/vous-avez-dit-bigbang.fr\/wp-content\/uploads\/2025\/05\/image-2.png\" alt=\"\" class=\"wp-image-3611\"\/><\/figure>\n\n\n\n<p>La signature de la m\u00e9trique est (0,0,0,0) qu\u2019on pourrait (en th\u00e9orie) r\u00e9duire \u00e0 (0,0,0*). Trois coordonn\u00e9es nulles (0) dont une complexe (0*), nativement, d\u2019espace-temps suffisent \u00e0 d\u00e9finir la m\u00e9trique en relativit\u00e9 ce qui indique qu\u2019elle n\u2019a, nativement, que 3 degr\u00e9s de libert\u00e9.<\/p>\n\n\n\n<p>Ces coordonn\u00e9es permettent \u00e9galement de d\u00e9finir tous les types d\u2019espace-temps (de type temps, nul, espace). On peut se demander si avec ,seulement ,3 coordonn\u00e9es nulles \u00ab&nbsp;r\u00e9elles&nbsp;\u00bb, signature (000), on pourrait d\u00e9finir totalement l\u2019espace-temps \u00ab&nbsp;optique&nbsp;\u00bb ne comportant que des g\u00e9od\u00e9siques nulles.<\/p>\n\n\n\n<p>Nous avons \u00e9voqu\u00e9 les coordonn\u00e9es, il faut rappeler que ces coordonn\u00e9es s\u2019appliquent sur une base de vecteurs lin\u00e9airement ind\u00e9pendants.<\/p>\n\n\n\n<p>Une difficult\u00e9 r\u00e9side dans le fait que l\u2019utilisation de coordonn\u00e9es nulles et d\u2019une base de vecteurs nuls est moins famili\u00e8re \u00e0 nos esprit que des coordonn\u00e9es temps et espace et une base de vecteurs de \u00ab&nbsp;Minkowski&nbsp;\u00bb.<\/p>\n\n\n\n<p>Voir \u00ab&nbsp;Penrose-Newmann formalism :Special relativity in null coordinates&nbsp;\u00bb pour plus d\u2019information.<\/p>\n\n\n\n<h2 class=\"wp-block-heading\">Notes<\/h2>\n\n\n\n<p>[1] Nous sommes dans la position des \u00ab&nbsp;prisonniers &nbsp;\u00bb de l\u2019all\u00e9gorie de la caverne de Platon qui ne voient que des ombres de la \u00ab&nbsp;r\u00e9alit\u00e9 ext\u00e9rieure&nbsp;\u00bb sur les parois de la caverne. On se demande s\u2019ils peuvent concevoir que ce qu\u2019ils per\u00e7oivent n\u2019est pas la r\u00e9alit\u00e9 mais des ombres de quelque chose de plus complexe et, si oui, comment ces ombres pourraient permettre d\u2019atteindre ou d\u2019approcher cette r\u00e9alit\u00e9.<\/p>\n\n\n\n<p>Notons dans notre vision binoculaire, \u00e0 partir de deux images (chaque image est plane : une ombre 2D sur notre r\u00e9tine), notre cerveau \u00e9labore une image 3D, probablement pas totalement correcte mais qui augmente l\u2019information port\u00e9e par les 2 images.<\/p>\n\n\n\n<p>Il est probable que, pour ce faire, notre cerveau utilise aussi des informations sur les relations entre l\u2019image 3 D de ce type et des projections 2 D (sur la r\u00e9tine de chacun de nos yeux) acquises par ailleurs, par l\u2019exp\u00e9rience pass\u00e9e.<\/p>\n\n\n\n<p>Cet exemple peut servir de paradigme pour tenter de reconstituer l\u2019entit\u00e9 espace-temps \u00e0 partir de nos perceptions et mesures d\u2019espace et de temps.<\/p>\n\n\n\n<p>[2] Rappelons que formellement ds\u00b2 d\u00e9signe le tenseur m\u00e9trique \u00e0 2 indices \u00ab&nbsp;covariants&nbsp;\u00bb. L\u2019exposant \u00ab&nbsp;2&nbsp;\u00bb ne repr\u00e9sente pas un \u00ab&nbsp;carr\u00e9&nbsp;\u00bb.<\/p>\n\n\n\n<p>[3] Etant conjugu\u00e9s il ne sont pas ind\u00e9pendants, il n\u2019y a donc que 3 degr\u00e9s de libert\u00e9s au lieu de 4. La n\u00e9cessit\u00e9 de w et w* est impos\u00e9e par la contrainte de permettre le changement de coordonn\u00e9es vers des coordonn\u00e9es de temps et d&rsquo;espace conventionnels comme dans la repr\u00e9sentation de Minkowski, ce qui permet de d\u00e9finir tous les types d&rsquo;espace-temps: de type temps, espace ou nul.<\/p>\n\n\n\n<p> Les cordonn\u00e9es u, v, w, w* sont d\u00e9finies \u00e0 partir de t, x, y, z et vice-versa. <\/p>\n\n\n\n<p>Mais on peut consid\u00e9rer qu&rsquo;on a que 3 coordonn\u00e9es, dont une de type complexe. Rappelons que ces coordonn\u00e9es u, v, w, w* sont port\u00e9es par une base de vecteurs de base qui sont eux m\u00eames nuls (et dont 1 est complexe).<\/p>\n\n\n\n<p>Il n&rsquo;y a que 3 degr\u00e9s de libert\u00e9s dans la repr\u00e9sentation, car, comme un vecteur nul est orthogonal \u00e0 lui m\u00eame, il n&rsquo;y a que 3 vecteurs nuls diff\u00e9rents lin\u00e9airement ind\u00e9pendants. <\/p>\n\n\n\n<p>Peut-on d\u00e9finir l&rsquo;espace-temps, de mani\u00e8re <strong>op\u00e9rationnelle<\/strong>,  avec seulement 3 vecteurs nuls, sans recourir <strong>dans les op\u00e9rations<\/strong>, \u00e0 un vecteur complexe? Cela permettrait il de d\u00e9finir totalement l&rsquo;espace temps ou seulement l&rsquo;univers \u00ab\u00a0optique\u00a0\u00bb (les g\u00e9od\u00e9siques nulles)?<\/p>\n\n\n\n<p><\/p>\n","protected":false},"excerpt":{"rendered":"<p>L\u2019espace-temps seul a une nature physique en relativit\u00e9 Comme, seul, l\u2019espace-temps a une nature physique en relativit\u00e9, le temps et l\u2019espace \u00e9tant r\u00e9duits \u00e0 en \u00eatre que des \u00ab&nbsp;ombres&nbsp;\u00bb comme Minkowski l\u2019a d\u00e9clar\u00e9 en 1907, on peut se demander si cette question pr\u00e9sente vraiment un int\u00e9r\u00eat. La diff\u00e9rence entre espace et temps a une nature &hellip; <a href=\"https:\/\/vous-avez-dit-bigbang.fr\/?page_id=3613\" class=\"more-link\">Continuer la lecture<span class=\"screen-reader-text\"> de &laquo;&nbsp;Diff\u00e9rence entre temps et espace n\u2019est-elle que de nature relationnelle? 1\/06\/25&nbsp;&raquo;<\/span><\/a><\/p>\n","protected":false},"author":1,"featured_media":0,"parent":0,"menu_order":0,"comment_status":"closed","ping_status":"closed","template":"","meta":{"footnotes":""},"class_list":["post-3613","page","type-page","status-publish","hentry"],"_links":{"self":[{"href":"https:\/\/vous-avez-dit-bigbang.fr\/index.php?rest_route=\/wp\/v2\/pages\/3613","targetHints":{"allow":["GET"]}}],"collection":[{"href":"https:\/\/vous-avez-dit-bigbang.fr\/index.php?rest_route=\/wp\/v2\/pages"}],"about":[{"href":"https:\/\/vous-avez-dit-bigbang.fr\/index.php?rest_route=\/wp\/v2\/types\/page"}],"author":[{"embeddable":true,"href":"https:\/\/vous-avez-dit-bigbang.fr\/index.php?rest_route=\/wp\/v2\/users\/1"}],"replies":[{"embeddable":true,"href":"https:\/\/vous-avez-dit-bigbang.fr\/index.php?rest_route=%2Fwp%2Fv2%2Fcomments&post=3613"}],"version-history":[{"count":2,"href":"https:\/\/vous-avez-dit-bigbang.fr\/index.php?rest_route=\/wp\/v2\/pages\/3613\/revisions"}],"predecessor-version":[{"id":3615,"href":"https:\/\/vous-avez-dit-bigbang.fr\/index.php?rest_route=\/wp\/v2\/pages\/3613\/revisions\/3615"}],"wp:attachment":[{"href":"https:\/\/vous-avez-dit-bigbang.fr\/index.php?rest_route=%2Fwp%2Fv2%2Fmedia&parent=3613"}],"curies":[{"name":"wp","href":"https:\/\/api.w.org\/{rel}","templated":true}]}}

Différence entre temps et espace n’est-elle que de nature relationnelle? 1/06/25

<h1 class="wp-block-heading">L’espace-temps seul a une nature physique en relativité</h1>



<p>Comme, seul, l’espace-temps a une nature physique en relativité, le temps et l’espace étant réduits à en être que des «&nbsp;ombres&nbsp;» comme Minkowski l’a déclaré en 1907, on peut se demander si cette question présente vraiment un intérêt.</p>



<h2 class="wp-block-heading">La différence entre espace et temps a une nature «&nbsp;relationnelle&nbsp;»</h2>



<p>Rappelons d’abord, que comme l’espace et le temps ne sont que des caractères (des ombres) de l’espace-temps les relations entre l’espace et le temps ne sont que des relations entre ces «&nbsp;ombres&nbsp;» de cet espace-temps.</p>



<p>L’intérêt est que comme, physiquement nous ne mesurons, en général, que des «&nbsp;ombres&nbsp;» des entités spatio-temporelles, (nous mesurerons des temps, des intervalles de temps, des positions dans l’espace ainsi que des intervalles d’espace), ces relations peuvent nous renseigner sur l’entité spatio-temporelle qui les produit. [1] C’est dans cet objectif que cette analyse peut être utile.</p>



<p>Des coordonnées d’espace et de temps sont utilisées dans la plupart (mais pas toutes) des formulations du «&nbsp;ds²&nbsp;», intervalle d’espace-temps. représentant sa métrique [2]</p>



<p>Dans le cas le plus simple, relativité restreinte, ce ds² s’écrit:</p>



<p>ds² =-c²dt² + dx²+dy²+dz²</p>



<p>qui fait intervenir, les coordonnées x, y, z pour l’espace et i.c.t pour le temps.</p>



<p>où «&nbsp;i&nbsp;» est le nombre imaginaire défini par racine carrée de -1.</p>



<p>Le tenseur métrique (Minkowski) représenté sous forme d’un tableau est:</p>



<figure class="wp-block-image"><img loading="lazy" decoding="async" width="195" height="131" src="https://vous-avez-dit-bigbang.fr/wp-content/uploads/2025/05/image-1.png" alt="" class="wp-image-3610"/></figure>



<p>Cette métrique permet de définir des intervalles d’espace-temps de tous types (temps pour la matière, nul pour le rayonnement, espace).</p>



<p>Comme on peut tout aussi bien écrire</p>



<p>ds² =c²dt² – dx²-dy²-dz²</p>



<p>On voit que le caractère «&nbsp;imaginaire&nbsp;» d’une coordonnée traduit une propriété de type ‘&nbsp;»relationnel&nbsp;» entre l’espace et le temps qui caractérise leur différence : L’espace n’est pas du temps et vice-versa.</p>



<h2 class="wp-block-heading">Cette différence a-t-elle aussi une nature substantielle?</h2>



<p>Dans le ds² on voit, dans la signature de la métrique (-+++) ou (+—) que espace et temps ont une action «&nbsp;opposée&nbsp;» sur la valeur du ds², comme leur signe opposé dans la formule le montre. C’est la conséquence de leur différence relationnelle. Comme une&nbsp;<strong>action</strong>&nbsp;a un caractère&nbsp;<strong>physique</strong>, ceci peut-il être considéré comme révélateur d’une différence substantielle?</p>



<p>En suivant Leibnitz qui caractérise l’existence par le fait qu’elle doit agir pour avoir un caractère physique, on est tenté de répondre oui.</p>



<h2 class="wp-block-heading">Coordonnées de type nul</h2>



<p>Ces coordonnées sont de nature espace-temps nativement.</p>



<p>Dans ces conditions, en appellant u, v, w, w*, où w et w* sont des nombres complexes conjugués,[3] dans ces coordonnées le ds² s’écrit:</p>



<p>ds² = -2du.dv +2dw.dw*</p>



<p>Le tenseur métrique, représenté sous forme de tableau est:</p>



<figure class="wp-block-image"><img loading="lazy" decoding="async" width="244" height="124" src="https://vous-avez-dit-bigbang.fr/wp-content/uploads/2025/05/image-2.png" alt="" class="wp-image-3611"/></figure>



<p>La signature de la métrique est (0,0,0,0) qu’on pourrait (en théorie) réduire à (0,0,0*). Trois coordonnées nulles (0) dont une complexe (0*), nativement, d’espace-temps suffisent à définir la métrique en relativité ce qui indique qu’elle n’a, nativement, que 3 degrés de liberté.</p>



<p>Ces coordonnées permettent également de définir tous les types d’espace-temps (de type temps, nul, espace). On peut se demander si avec ,seulement ,3 coordonnées nulles «&nbsp;réelles&nbsp;», signature (000), on pourrait définir totalement l’espace-temps «&nbsp;optique&nbsp;» ne comportant que des géodésiques nulles.</p>



<p>Nous avons évoqué les coordonnées, il faut rappeler que ces coordonnées s’appliquent sur une base de vecteurs linéairement indépendants.</p>



<p>Une difficulté réside dans le fait que l’utilisation de coordonnées nulles et d’une base de vecteurs nuls est moins familière à nos esprit que des coordonnées temps et espace et une base de vecteurs de «&nbsp;Minkowski&nbsp;».</p>



<p>Voir «&nbsp;Penrose-Newmann formalism :Special relativity in null coordinates&nbsp;» pour plus d’information.</p>



<h2 class="wp-block-heading">Notes</h2>



<p>[1] Nous sommes dans la position des «&nbsp;prisonniers &nbsp;» de l’allégorie de la caverne de Platon qui ne voient que des ombres de la «&nbsp;réalité extérieure&nbsp;» sur les parois de la caverne. On se demande s’ils peuvent concevoir que ce qu’ils perçoivent n’est pas la réalité mais des ombres de quelque chose de plus complexe et, si oui, comment ces ombres pourraient permettre d’atteindre ou d’approcher cette réalité.</p>



<p>Notons dans notre vision binoculaire, à partir de deux images (chaque image est plane : une ombre 2D sur notre rétine), notre cerveau élabore une image 3D, probablement pas totalement correcte mais qui augmente l’information portée par les 2 images.</p>



<p>Il est probable que, pour ce faire, notre cerveau utilise aussi des informations sur les relations entre l’image 3 D de ce type et des projections 2 D (sur la rétine de chacun de nos yeux) acquises par ailleurs, par l’expérience passée.</p>



<p>Cet exemple peut servir de paradigme pour tenter de reconstituer l’entité espace-temps à partir de nos perceptions et mesures d’espace et de temps.</p>



<p>[2] Rappelons que formellement ds² désigne le tenseur métrique à 2 indices «&nbsp;covariants&nbsp;». L’exposant «&nbsp;2&nbsp;» ne représente pas un «&nbsp;carré&nbsp;».</p>



<p>[3] Etant conjugués il ne sont pas indépendants, il n’y a donc que 3 degrés de libertés au lieu de 4. La nécessité de w et w* est imposée par la contrainte de permettre le changement de coordonnées vers des coordonnées de temps et d&rsquo;espace conventionnels comme dans la représentation de Minkowski, ce qui permet de définir tous les types d&rsquo;espace-temps: de type temps, espace ou nul.</p>



<p> Les cordonnées u, v, w, w* sont définies à partir de t, x, y, z et vice-versa. </p>



<p>Mais on peut considérer qu&rsquo;on a que 3 coordonnées, dont une de type complexe. Rappelons que ces coordonnées u, v, w, w* sont portées par une base de vecteurs de base qui sont eux mêmes nuls (et dont 1 est complexe).</p>



<p>Il n&rsquo;y a que 3 degrés de libertés dans la représentation, car, comme un vecteur nul est orthogonal à lui même, il n&rsquo;y a que 3 vecteurs nuls différents linéairement indépendants. </p>



<p>Peut-on définir l&rsquo;espace-temps, de manière <strong>opérationnelle</strong>,  avec seulement 3 vecteurs nuls, sans recourir <strong>dans les opérations</strong>, à un vecteur complexe? Cela permettrait il de définir totalement l&rsquo;espace temps ou seulement l&rsquo;univers « optique » (les géodésiques nulles)?</p>



<p></p>

<p>L’espace-temps seul a une nature physique en relativité Comme, seul, l’espace-temps a une nature physique en relativité, le temps et l’espace étant réduits à en être que des «&nbsp;ombres&nbsp;» comme Minkowski l’a déclaré en 1907, on peut se demander si cette question présente vraiment un intérêt. La différence entre espace et temps a une nature &hellip; <a href="https://vous-avez-dit-bigbang.fr/?page_id=3613" class="more-link">Continuer la lecture<span class="screen-reader-text"> de &laquo;&nbsp;Différence entre temps et espace n’est-elle que de nature relationnelle? 1/06/25&nbsp;&raquo;</span></a></p>
