{"id":3384,"date":"2025-02-23T15:52:10","date_gmt":"2025-02-23T14:52:10","guid":{"rendered":"https:\/\/vous-avez-dit-bigbang.fr\/?page_id=3384"},"modified":"2025-02-28T18:34:12","modified_gmt":"2025-02-28T17:34:12","slug":"introduction","status":"publish","type":"page","link":"https:\/\/vous-avez-dit-bigbang.fr\/?page_id=3384","title":{"rendered":"Quantifier la gravitation par les ondelettes associ\u00e9s aux photons qui peuvent repr\u00e9senter des quantas d&rsquo;espace-temps. 28\/02\/25"},"content":{"rendered":"\n<h2 class=\"wp-block-heading\">Introduction<\/h2>\n\n\n\n<p>On essaie depuis plus de 50 ans de quantifier la gravitation, actuellement mod\u00e9lis\u00e9e par la th\u00e9orie de la relativit\u00e9 g\u00e9n\u00e9rale qui donne satisfaction, sauf dans les cas extr\u00eames, au voisinage des singularit\u00e9s, et sur la singularit\u00e9 elle-m\u00eame dont on peut se demander si cette singularit\u00e9 ne r\u00e9sulte pas de l&rsquo;absence d&rsquo;une th\u00e9orie de la gravitation quantifi\u00e9e.<\/p>\n\n\n\n<h2 class=\"wp-block-heading\">Les th\u00e9ories (principales) d\u00e9velopp\u00e9es.<\/h2>\n\n\n\n<p>Aujourd&rsquo;hui, nous avons, depuis le d\u00e9but du 20<sup>i\u00e8me<\/sup> si\u00e8cle, deux grandes th\u00e9ories, la m\u00e9canique quantique relativiste (incluant relativit\u00e9 restreinte ) avec la th\u00e9orie quantique des champs associ\u00e9es qui traitent de la physique des particules \u00e9l\u00e9mentaires et la relativit\u00e9 g\u00e9n\u00e9rale qui traite de la gravitation et qui  est une th\u00e9orie, classique, non quantifi\u00e9e. <\/p>\n\n\n\n<p>Ces th\u00e9ories ont \u00e9volu\u00e9 mais leur int\u00e9gration souhait\u00e9e dans un m\u00eame formalisme, une th\u00e9orie unique, n&rsquo;a pas abouti, m\u00eame si cette recherche, qui a mobilis\u00e9 de nombreux scientifiques, a permis de nombreux substantiels progr\u00e8s.<\/p>\n\n\n\n<p>La th\u00e9orie des (super)cordes a pour ambition de d\u00e9crire toute la physique, y compris la gravitation.<\/p>\n\n\n\n<p>La th\u00e9orie de gravitation \u00e0 boucles (Smolin, Rovelli), n&rsquo;envisage que de traiter le cas de quantification de la gravitation, en estimant que si ceci est possible  alors l&rsquo;int\u00e9gration dans une seule th\u00e9orie avec la m\u00e9canique quantique serait facilit\u00e9. <\/p>\n\n\n\n<p>De prime abord, utiliser la m\u00e9thode qui s&rsquo;est r\u00e9v\u00e9l\u00e9e satisfaisante pour la physique des particules semble \u00eatre une bonne approche.<\/p>\n\n\n\n<p>Mais un probl\u00e8me majeur, qui apparait, est que la m\u00e9thode utilis\u00e9e pour quantifier, avec succ\u00e8s, la physique des particules,  se heurte, en relativit\u00e9 g\u00e9n\u00e9rale, au fait que cette m\u00e9thode, utilisant le processus de \u00ab\u00a0renormalisation\u00a0\u00bb permettant de traiter le cas de param\u00e8tres qui deviennent infinis dans certains calculs, n&rsquo;est pas compatible avec la relativit\u00e9 g\u00e9n\u00e9rale. <\/p>\n\n\n\n<p>La relativit\u00e9 g\u00e9n\u00e9rale n&rsquo;est pas renormalisable, cette m\u00e9thode, utilis\u00e9e avec succ\u00e8s en physique des particules, ne peut pas \u00eatre appliqu\u00e9e au formalisme d&rsquo;espace-temps de la relativit\u00e9.<\/p>\n\n\n\n<p>On peut contourner l&rsquo;obstacle, en feuilletant l&rsquo;espace-temps en temps et espace et en cherchant \u00e0 quantifier l&rsquo;espace, ce que la gravitation a boucles propose.<\/p>\n\n\n\n<h2 class=\"wp-block-heading\">Diff\u00e9rences formelles entre la physique des particules et la relativit\u00e9 g\u00e9n\u00e9rale<\/h2>\n\n\n\n<h2 class=\"wp-block-heading\">Physique des particules<\/h2>\n\n\n\n<p>La physique des particules utilise le temps et l&rsquo;espace comme cadre des processus. M\u00eame si la relativit\u00e9 restreinte a \u00e9t\u00e9 int\u00e9gr\u00e9e, le temps et l&rsquo;espace restent deux entit\u00e9s physiques parmi d&rsquo;autres comme l&rsquo;\u00e9nergie, et la quantit\u00e9 de mouvement.<\/p>\n\n\n\n<p>Le formalisme d\u00e9velopp\u00e9 pour introduire une quantification en m\u00e9canique quantique introduit une fonction d&rsquo;onde (entit\u00e9 formelle sans r\u00e9alit\u00e9 physique) et associe des op\u00e9rateurs de type hermitiens (produisant des int\u00e9grales r\u00e9elles) aux grandeurs physique. Ces op\u00e9rateurs sont appliqu\u00e9s sur la fonction d&rsquo;onde pour donner le spectre (infini) des valeurs propres qui vont correspondre aux valeurs des mesures possibles (\u00e9tats propres), une autre fonction associ\u00e9e \u00e0 la fonction d&rsquo;onde et sa conjugu\u00e9e attribuant les probabilit\u00e9s associ\u00e9es \u00e0 chacune des valeur possible.<\/p>\n\n\n\n<p>La quantification s&rsquo;appuie sur le fait que certains de ces op\u00e9rateurs ne commutent pas (il y a un reste) et que cette propri\u00e9t\u00e9 va g\u00e9n\u00e9rer le \u00ab\u00a0spectre\u00a0\u00bb, de valeurs discr\u00e8tes (non continues), infini de possibilit\u00e9s (les valeurs propres de ces op\u00e9rateurs) pour la mesure physique d&rsquo;une grandeur physique. <\/p>\n\n\n\n<p>Ainsi, par substitution des op\u00e9rateurs associ\u00e9s sur la fonction d&rsquo;onde aux grandeurs physiques, dans le hamiltonien classique, il va se transformer en l&rsquo;\u00e9quation de Schr\u00f6dinger .<\/p>\n\n\n\n<p>Pour la th\u00e9orie des champs quantiques le m\u00eame type de formalisme est utilis\u00e9.<\/p>\n\n\n\n<p>Voir par exemple, partie 2 de : <a href=\"https:\/\/vous-avez-dit-bigbang.fr\/?page_id=1294\" data-type=\"page\" data-id=\"1294\">Cours m\u00e9canique quantique Cours de th\u00e9orie des champs quantique<\/a><\/p>\n\n\n\n<p>Pour la relativit\u00e9 g\u00e9n\u00e9rale, c&rsquo;est diff\u00e9rent car ce n&rsquo;est pas l&rsquo;espace et le temps qu&rsquo;il faut quantifier mais l&rsquo;espace-temps qui est une entit\u00e9 physique unique en relativit\u00e9 g\u00e9n\u00e9rale.<\/p>\n\n\n\n<p>Certaines approches (th\u00e9orie de la gravitation \u00e0 boucles) proc\u00e8dent \u00e0 un feuilletage de l&rsquo;espace-temps pour quantifier l&rsquo;espace, mais ce n&rsquo;est pas l&rsquo;approche \u00ab\u00a0covariante\u00a0\u00bb qui impose qu&rsquo;on  doit consid\u00e9rer l&rsquo;espace-temps \u00ab\u00a0globalement\u00a0\u00bb, comme la seule entit\u00e9 physique en relativit\u00e9 g\u00e9n\u00e9rale.<\/p>\n\n\n\n<h2 class=\"wp-block-heading\">Le formalisme de Newmann-Penrose ouvre la porte \u00e0 une autre solution<\/h2>\n\n\n\n<p>Ce paragraphe \u00e9nonce des arguments \u00e0 caract\u00e8re logique fond\u00e9s sur la coh\u00e9rence entre les param\u00e8tres ph\u00e9nom\u00e8ne physique  et ceux de sa mod\u00e9lisation au motif qu&rsquo;elles doivent \u00eatre n\u00e9cessairement satisfaites , en vertu du morphisme qui doit n\u00e9cessairement exister entre le ph\u00e9nom\u00e8ne et sa mod\u00e9lisation.<\/p>\n\n\n\n<h2 class=\"wp-block-heading\">L&rsquo;intervalle d&rsquo;espace-temps est de type \u00ab\u00a0nul\u00a0\u00bb.<\/h2>\n\n\n\n<p>Ceci se d\u00e9duit du fait que l&rsquo;utilisation de coordonn\u00e9es nulles pour d\u00e9finir l&rsquo;intervalle d&rsquo;espace-temps dans ce formalisme, est homog\u00e8ne, et non pas comme une combinaison d&rsquo;espace et de temps, montre que la nature physique d&rsquo;une coordonn\u00e9e nulle est de type espace-temps.<\/p>\n\n\n\n<p>Voir par exemple : <a href=\"https:\/\/vous-avez-dit-bigbang.fr\/?page_id=199\" data-type=\"page\" data-id=\"199\">Espace-temps. Coordonn\u00e9es.  Celles de type nul, conduisent \u00e0 un nouveau paradigme.<\/a><\/p>\n\n\n\n<h2 class=\"wp-block-heading\">Un photon est un quantum d&rsquo;espace de type nul.<\/h2>\n\n\n\n<p>Cela sugg\u00e8re que le quanta d&rsquo;espace-temps est un quanta de g\u00e9od\u00e9sique nulle, dont la contrepartie physique est la lumi\u00e8re (rayonnement \u00e9lectromagn\u00e9tique) dont le quantum est le photon qu&rsquo;on peut mod\u00e9liser par une ondelette..<\/p>\n\n\n\n<p>Ici, pas besoin d&rsquo;utiliser des op\u00e9rateurs agissant sur une fonction d&rsquo;onde formelle, qui ne commutent pas pour d\u00e9finir des quanta, ils existent, ce sont les photons, quanta d&rsquo;une onde, non pas formelle comme en m\u00e9canique quantique, mais physique, associ\u00e9e au rayonnement \u00e9lectromagn\u00e9tique.<\/p>\n\n\n\n<p>Le probl\u00e8me semble consister \u00e0 d\u00e9finir un formalisme associ\u00e9 \u00e0 ces \u00e9l\u00e9ments et propri\u00e9t\u00e9s.<\/p>\n\n\n\n<h2 class=\"wp-block-heading\">Cas du champ dans des solutions d&rsquo;astres compacts<\/h2>\n\n\n\n<p>Consid\u00e9rons par exemple le cas de la solution de Schwarzschild.<\/p>\n\n\n\n<p>La sph\u00e8re des photons situ\u00e9e \u00e0 1.5 r<sub>s<\/sub> , o\u00f9 r<sub>s<\/sub> = 2 GM\/c\u00b2, est le rayon de Schwarzschild est caract\u00e9ristique de la masse du corps central. Elle n&rsquo;existe que si le rayon du corps est inf\u00e9rieur ou \u00e9gal \u00e0 r<sub>s<\/sub>. Notons que, pour  r<sub>s<\/sub> &lt;r&lt; 1.5,  il existe encore des lignes d&rsquo;univers circulaires (non g\u00e9od\u00e9siques), ce qui n&rsquo;est pas le cas si r&lt; r<sub>s<\/sub>. Peut -on quantifier l&rsquo;intervalle d&rsquo;espace-temps sur l&rsquo;orbite des photons \u00e0 r = 1.5 r<sub>s<\/sub>, comme on l&rsquo;a fait en m\u00e9canique quantique pour les orbites des \u00e9lectrons. Ne seraient possibles que les photons dont la longueur d&rsquo;onde associ\u00e9e seraient un sous multiple de la circonf\u00e9rence de cette orbite de photons. Quelles cons\u00e9quences physiques et qu&rsquo;advient-il,  lorsque que le rayon r<sub>s<\/sub>  tend vers z\u00e9ro? <\/p>\n\n\n\n<p>Y-a-t-il une fr\u00e9quence de coupure li\u00e9e \u00e0 la quantification des grandeurs physiques (temps, espace, \u00e9nergie)?<\/p>\n\n\n\n<p>Notons que ce ph\u00e9nom\u00e8ne de sph\u00e8re des photons, qui se d\u00e9double alors, existe aussi dans les corps en rotation, (Kerr, Kerr-Newmann).<\/p>\n\n\n\n<p><\/p>\n\n\n\n<p>\u00e0 suivre&#8230;<\/p>\n","protected":false},"excerpt":{"rendered":"<p>Introduction On essaie depuis plus de 50 ans de quantifier la gravitation, actuellement mod\u00e9lis\u00e9e par la th\u00e9orie de la relativit\u00e9 g\u00e9n\u00e9rale qui donne satisfaction, sauf dans les cas extr\u00eames, au voisinage des singularit\u00e9s, et sur la singularit\u00e9 elle-m\u00eame dont on peut se demander si cette singularit\u00e9 ne r\u00e9sulte pas de l&rsquo;absence d&rsquo;une th\u00e9orie de la &hellip; <a href=\"https:\/\/vous-avez-dit-bigbang.fr\/?page_id=3384\" class=\"more-link\">Continuer la lecture<span class=\"screen-reader-text\"> de &laquo;&nbsp;Quantifier la gravitation par les ondelettes associ\u00e9s aux photons qui peuvent repr\u00e9senter des quantas d&rsquo;espace-temps. 28\/02\/25&nbsp;&raquo;<\/span><\/a><\/p>\n","protected":false},"author":1,"featured_media":0,"parent":0,"menu_order":0,"comment_status":"closed","ping_status":"closed","template":"","meta":{"footnotes":""},"class_list":["post-3384","page","type-page","status-publish","hentry"],"_links":{"self":[{"href":"https:\/\/vous-avez-dit-bigbang.fr\/index.php?rest_route=\/wp\/v2\/pages\/3384","targetHints":{"allow":["GET"]}}],"collection":[{"href":"https:\/\/vous-avez-dit-bigbang.fr\/index.php?rest_route=\/wp\/v2\/pages"}],"about":[{"href":"https:\/\/vous-avez-dit-bigbang.fr\/index.php?rest_route=\/wp\/v2\/types\/page"}],"author":[{"embeddable":true,"href":"https:\/\/vous-avez-dit-bigbang.fr\/index.php?rest_route=\/wp\/v2\/users\/1"}],"replies":[{"embeddable":true,"href":"https:\/\/vous-avez-dit-bigbang.fr\/index.php?rest_route=%2Fwp%2Fv2%2Fcomments&post=3384"}],"version-history":[{"count":7,"href":"https:\/\/vous-avez-dit-bigbang.fr\/index.php?rest_route=\/wp\/v2\/pages\/3384\/revisions"}],"predecessor-version":[{"id":3408,"href":"https:\/\/vous-avez-dit-bigbang.fr\/index.php?rest_route=\/wp\/v2\/pages\/3384\/revisions\/3408"}],"wp:attachment":[{"href":"https:\/\/vous-avez-dit-bigbang.fr\/index.php?rest_route=%2Fwp%2Fv2%2Fmedia&parent=3384"}],"curies":[{"name":"wp","href":"https:\/\/api.w.org\/{rel}","templated":true}]}}

Quantifier la gravitation par les ondelettes associés aux photons qui peuvent représenter des quantas d&rsquo;espace-temps. 28/02/25

<h2 class="wp-block-heading">Introduction</h2>



<p>On essaie depuis plus de 50 ans de quantifier la gravitation, actuellement modélisée par la théorie de la relativité générale qui donne satisfaction, sauf dans les cas extrêmes, au voisinage des singularités, et sur la singularité elle-même dont on peut se demander si cette singularité ne résulte pas de l&rsquo;absence d&rsquo;une théorie de la gravitation quantifiée.</p>



<h2 class="wp-block-heading">Les théories (principales) développées.</h2>



<p>Aujourd&rsquo;hui, nous avons, depuis le début du 20<sup>ième</sup> siècle, deux grandes théories, la mécanique quantique relativiste (incluant relativité restreinte ) avec la théorie quantique des champs associées qui traitent de la physique des particules élémentaires et la relativité générale qui traite de la gravitation et qui  est une théorie, classique, non quantifiée. </p>



<p>Ces théories ont évolué mais leur intégration souhaitée dans un même formalisme, une théorie unique, n&rsquo;a pas abouti, même si cette recherche, qui a mobilisé de nombreux scientifiques, a permis de nombreux substantiels progrès.</p>



<p>La théorie des (super)cordes a pour ambition de décrire toute la physique, y compris la gravitation.</p>



<p>La théorie de gravitation à boucles (Smolin, Rovelli), n&rsquo;envisage que de traiter le cas de quantification de la gravitation, en estimant que si ceci est possible  alors l&rsquo;intégration dans une seule théorie avec la mécanique quantique serait facilité. </p>



<p>De prime abord, utiliser la méthode qui s&rsquo;est révélée satisfaisante pour la physique des particules semble être une bonne approche.</p>



<p>Mais un problème majeur, qui apparait, est que la méthode utilisée pour quantifier, avec succès, la physique des particules,  se heurte, en relativité générale, au fait que cette méthode, utilisant le processus de « renormalisation » permettant de traiter le cas de paramètres qui deviennent infinis dans certains calculs, n&rsquo;est pas compatible avec la relativité générale. </p>



<p>La relativité générale n&rsquo;est pas renormalisable, cette méthode, utilisée avec succès en physique des particules, ne peut pas être appliquée au formalisme d&rsquo;espace-temps de la relativité.</p>



<p>On peut contourner l&rsquo;obstacle, en feuilletant l&rsquo;espace-temps en temps et espace et en cherchant à quantifier l&rsquo;espace, ce que la gravitation a boucles propose.</p>



<h2 class="wp-block-heading">Différences formelles entre la physique des particules et la relativité générale</h2>



<h2 class="wp-block-heading">Physique des particules</h2>



<p>La physique des particules utilise le temps et l&rsquo;espace comme cadre des processus. Même si la relativité restreinte a été intégrée, le temps et l&rsquo;espace restent deux entités physiques parmi d&rsquo;autres comme l&rsquo;énergie, et la quantité de mouvement.</p>



<p>Le formalisme développé pour introduire une quantification en mécanique quantique introduit une fonction d&rsquo;onde (entité formelle sans réalité physique) et associe des opérateurs de type hermitiens (produisant des intégrales réelles) aux grandeurs physique. Ces opérateurs sont appliqués sur la fonction d&rsquo;onde pour donner le spectre (infini) des valeurs propres qui vont correspondre aux valeurs des mesures possibles (états propres), une autre fonction associée à la fonction d&rsquo;onde et sa conjuguée attribuant les probabilités associées à chacune des valeur possible.</p>



<p>La quantification s&rsquo;appuie sur le fait que certains de ces opérateurs ne commutent pas (il y a un reste) et que cette propriété va générer le « spectre », de valeurs discrètes (non continues), infini de possibilités (les valeurs propres de ces opérateurs) pour la mesure physique d&rsquo;une grandeur physique. </p>



<p>Ainsi, par substitution des opérateurs associés sur la fonction d&rsquo;onde aux grandeurs physiques, dans le hamiltonien classique, il va se transformer en l&rsquo;équation de Schrödinger .</p>



<p>Pour la théorie des champs quantiques le même type de formalisme est utilisé.</p>



<p>Voir par exemple, partie 2 de : <a href="https://vous-avez-dit-bigbang.fr/?page_id=1294" data-type="page" data-id="1294">Cours mécanique quantique Cours de théorie des champs quantique</a></p>



<p>Pour la relativité générale, c&rsquo;est différent car ce n&rsquo;est pas l&rsquo;espace et le temps qu&rsquo;il faut quantifier mais l&rsquo;espace-temps qui est une entité physique unique en relativité générale.</p>



<p>Certaines approches (théorie de la gravitation à boucles) procèdent à un feuilletage de l&rsquo;espace-temps pour quantifier l&rsquo;espace, mais ce n&rsquo;est pas l&rsquo;approche « covariante » qui impose qu&rsquo;on  doit considérer l&rsquo;espace-temps « globalement », comme la seule entité physique en relativité générale.</p>



<h2 class="wp-block-heading">Le formalisme de Newmann-Penrose ouvre la porte à une autre solution</h2>



<p>Ce paragraphe énonce des arguments à caractère logique fondés sur la cohérence entre les paramètres phénomène physique  et ceux de sa modélisation au motif qu&rsquo;elles doivent être nécessairement satisfaites , en vertu du morphisme qui doit nécessairement exister entre le phénomène et sa modélisation.</p>



<h2 class="wp-block-heading">L&rsquo;intervalle d&rsquo;espace-temps est de type « nul ».</h2>



<p>Ceci se déduit du fait que l&rsquo;utilisation de coordonnées nulles pour définir l&rsquo;intervalle d&rsquo;espace-temps dans ce formalisme, est homogène, et non pas comme une combinaison d&rsquo;espace et de temps, montre que la nature physique d&rsquo;une coordonnée nulle est de type espace-temps.</p>



<p>Voir par exemple : <a href="https://vous-avez-dit-bigbang.fr/?page_id=199" data-type="page" data-id="199">Espace-temps. Coordonnées.  Celles de type nul, conduisent à un nouveau paradigme.</a></p>



<h2 class="wp-block-heading">Un photon est un quantum d&rsquo;espace de type nul.</h2>



<p>Cela suggère que le quanta d&rsquo;espace-temps est un quanta de géodésique nulle, dont la contrepartie physique est la lumière (rayonnement électromagnétique) dont le quantum est le photon qu&rsquo;on peut modéliser par une ondelette..</p>



<p>Ici, pas besoin d&rsquo;utiliser des opérateurs agissant sur une fonction d&rsquo;onde formelle, qui ne commutent pas pour définir des quanta, ils existent, ce sont les photons, quanta d&rsquo;une onde, non pas formelle comme en mécanique quantique, mais physique, associée au rayonnement électromagnétique.</p>



<p>Le problème semble consister à définir un formalisme associé à ces éléments et propriétés.</p>



<h2 class="wp-block-heading">Cas du champ dans des solutions d&rsquo;astres compacts</h2>



<p>Considérons par exemple le cas de la solution de Schwarzschild.</p>



<p>La sphère des photons située à 1.5 r<sub>s</sub> , où r<sub>s</sub> = 2 GM/c², est le rayon de Schwarzschild est caractéristique de la masse du corps central. Elle n&rsquo;existe que si le rayon du corps est inférieur ou égal à r<sub>s</sub>. Notons que, pour  r<sub>s</sub> &lt;r&lt; 1.5,  il existe encore des lignes d&rsquo;univers circulaires (non géodésiques), ce qui n&rsquo;est pas le cas si r&lt; r<sub>s</sub>. Peut -on quantifier l&rsquo;intervalle d&rsquo;espace-temps sur l&rsquo;orbite des photons à r = 1.5 r<sub>s</sub>, comme on l&rsquo;a fait en mécanique quantique pour les orbites des électrons. Ne seraient possibles que les photons dont la longueur d&rsquo;onde associée seraient un sous multiple de la circonférence de cette orbite de photons. Quelles conséquences physiques et qu&rsquo;advient-il,  lorsque que le rayon r<sub>s</sub>  tend vers zéro? </p>



<p>Y-a-t-il une fréquence de coupure liée à la quantification des grandeurs physiques (temps, espace, énergie)?</p>



<p>Notons que ce phénomène de sphère des photons, qui se dédouble alors, existe aussi dans les corps en rotation, (Kerr, Kerr-Newmann).</p>



<p></p>



<p>à suivre&#8230;</p>

<p>Introduction On essaie depuis plus de 50 ans de quantifier la gravitation, actuellement modélisée par la théorie de la relativité générale qui donne satisfaction, sauf dans les cas extrêmes, au voisinage des singularités, et sur la singularité elle-même dont on peut se demander si cette singularité ne résulte pas de l&rsquo;absence d&rsquo;une théorie de la &hellip; <a href="https://vous-avez-dit-bigbang.fr/?page_id=3384" class="more-link">Continuer la lecture<span class="screen-reader-text"> de &laquo;&nbsp;Quantifier la gravitation par les ondelettes associés aux photons qui peuvent représenter des quantas d&rsquo;espace-temps. 28/02/25&nbsp;&raquo;</span></a></p>
