{"id":3312,"date":"2025-02-10T11:34:57","date_gmt":"2025-02-10T10:34:57","guid":{"rendered":"https:\/\/vous-avez-dit-bigbang.fr\/?page_id=3312"},"modified":"2025-03-24T10:40:54","modified_gmt":"2025-03-24T09:40:54","slug":"brievete-de-lhumanite-et-existence","status":"publish","type":"page","link":"https:\/\/vous-avez-dit-bigbang.fr\/?page_id=3312","title":{"rendered":"Bri\u00e8vet\u00e9 de l\u2019humanit\u00e9\u00a0et existence 24\/3\/25"},"content":{"rendered":"\n<h1 class=\"wp-block-heading\">Introduction<\/h1>\n\n\n\n<p>S\u00e9n\u00e8que s\u2019\u00e9tait int\u00e9ress\u00e9 au caract\u00e8re \u00e9ph\u00e9m\u00e8re de la vie et donc de l\u2019existence d\u2019un humain [1]. Il s&rsquo;est attach\u00e9 \u00e0 rechercher comment donner un sens \u00e0 cette existence <strong>uniquement<\/strong> dans le contexte de cette bri\u00e8vet\u00e9.<\/p>\n\n\n\n<p>On  peut prolonger cette qu\u00eate en s\u2019interrogeant sur la p\u00e9rennit\u00e9 de l\u2019humanit\u00e9.<\/p>\n\n\n\n<h2 class=\"wp-block-heading\">Pr\u00e9alable: P\u00e9rennit\u00e9 d&rsquo;une humanit\u00e9<\/h2>\n\n\n\n<p>L&rsquo;humanit\u00e9 \u00e9tant constitu\u00e9e d&rsquo;humains pour qu&rsquo;elle puisse \u00eatre p\u00e9renne et se d\u00e9velopper certaines contraintes physiologiques doivent \u00eatre remplies.<\/p>\n\n\n\n<p>Comme l&rsquo;humain n&rsquo;est pas \u00e9ternel et qu&rsquo;il se perp\u00e9tue via la reproduction il faut qu&rsquo;au cours de sa vie cette capacit\u00e9 de reproduction se produise avant sa mort.<\/p>\n\n\n\n<p>Il en est ainsi de toutes les esp\u00e8ces viables.<\/p>\n\n\n\n<p>Cela donne lieu \u00e0 des contraintes. Sachant qu&rsquo; en g\u00e9n\u00e9ral, une femme donne naissance \u00e0 seul enfant \u00e0 la fois, que la gestation est de 9 mois, que bien des enfants peuvent ne pas survivre longtemps, m\u00eame si aujourd&rsquo;hui la situation s&rsquo;est bien am\u00e9lior\u00e9e, il faut donc que la p\u00e9riode de f\u00e9condit\u00e9 soit suffisamment longue  avant que la mort survienne.<\/p>\n\n\n\n<h2 class=\"wp-block-heading\">Une dur\u00e9e de vie limit\u00e9e est-elle un avantage pour l&rsquo;humanit\u00e9?<\/h2>\n\n\n\n<p>Effectivement, m\u00eame si l&rsquo;\u00e9ternit\u00e9 para\u00eet probl\u00e9matique physiquement, une vie tr\u00e8s tr\u00e8s longue (mythe de Mathusalem) pourrait conduire \u00e0 une situation \u00ab\u00a0st\u00e9rile\u00a0\u00bb, si le ph\u00e9nom\u00e8ne physique de vieillissement qui atteint les capacit\u00e9s physiques et intellectuelles demeurait. L&rsquo;humanit\u00e9 p\u00e9ricliterait probablement.<\/p>\n\n\n\n<p>Et que penser d&rsquo;une humanit\u00e9 d&rsquo;immortels \u00ab\u00a0parfaits\u00a0\u00bb au meilleur de leur forme qui resteraient alors (forcement) en nombre limit\u00e9? Ne risque-t-on pas la scl\u00e9rose dans une telle organisation.<\/p>\n\n\n\n<p>Quel type d&rsquo;humanit\u00e9 cela produirait -il? Cela permettrait il une \u00e9volution physiologique et sociologique? Il faudrait que cette  humanit\u00e9 proc\u00e8de elle-m\u00eame \u00e0 des mutations (ing\u00e9nierie g\u00e9n\u00e9tique) pour s&rsquo;adapter et progresser, mais ces adaptations \u00ab\u00a0programm\u00e9es\u00a0\u00bb pour obtenir certain un r\u00e9sultat \u00ab\u00a0attendu\u00a0\u00bb, seront-elles plus performantes et vari\u00e9es et inattendues que celles que la nature propose?<\/p>\n\n\n\n<h2 class=\"wp-block-heading\">Une vie \u00ab\u00a0br\u00e8ve\u00a0\u00bb: une solution performante?<\/h2>\n\n\n\n<p>Une vie br\u00e8ve, va permettre \u00e0 la nature, qui ne semble pas vraiment avoir de sch\u00e9ma directeur, par le nombre important et r\u00e9p\u00e9t\u00e9 des erreurs de codage du patrimoine g\u00e9n\u00e9tique, (mutation) de produire des solutions  \u00ab\u00a0inattendues\u00a0\u00bb,  (non recherch\u00e9es) qui peuvent se r\u00e9v\u00e9ler tr\u00e8s performantes dans les progr\u00e8s de l&rsquo;humain.<\/p>\n\n\n\n<p>Le Darwinisme nous a montr\u00e9 \u00e0 quel point la nature est efficace dans ce contexte et comment, sans cela, la Terre serait encore peupl\u00e9e de dinosaures. On peut imaginer qu&rsquo;il seraient devenus plus intelligents, mais ce n&rsquo;est pas \u00e9vident qu&rsquo;ils en aient eu besoin, car ils \u00e9taient tr\u00e8s bien adapt\u00e9s au milieu. L&rsquo;humain plus faible physiquement n&rsquo;a pu compter que sur son d\u00e9veloppement intellectuel pour survivre et prosp\u00e9rer.<\/p>\n\n\n\n<p>On connait des esp\u00e8ces (des requins) qui n&rsquo;ont pas \u00e9volu\u00e9es du fait qu&rsquo;aucune n\u00e9cessit\u00e9 ne les a pouss\u00e9 \u00e0 le faire.<\/p>\n\n\n\n<h2 class=\"wp-block-heading\">Origine et d\u00e9veloppement de l&rsquo;humanit\u00e9<\/h2>\n\n\n\n<p>Il y a d\u00e9bat sur ce qu\u2019on doit consid\u00e9rer comme le d\u00e9but de l\u2019humanit\u00e9, doit-on le situer aux premiers hominid\u00e9s, il y a quelques millions d\u2019ann\u00e9es \u00e0 l\u2019\u00e9mergence du sapiens, il y a quelques centaines de milliers d\u2019ann\u00e9es o\u00f9 au d\u00e9but de ce qu\u2019on consid\u00e8re comme l\u2019\u00e8re historique soit environ 5000 ans avant notre \u00e8re.<\/p>\n\n\n\n<p>Ne faut-il pas aussi consid\u00e9rer l\u2019origine \u00e0 l\u2019\u00e9mergence de la vie sur Terre, il y a quelques milliards d\u2019ann\u00e9es puisque selon le sch\u00e9ma darwinien nous en serions issus par des mutations et une \u00e9volution.<\/p>\n\n\n\n<p>Par extension on arrive \u00e0 ce qu\u2019on appelle \u00ab\u00a0l\u2019origine de l\u2019univers\u00a0\u00bb[2], puisque c\u2019est, de ses constituants, que nous sommes faits.<\/p>\n\n\n\n<p>A ce stade, la d\u00e9finition du temps doit elle-m\u00eame \u00eatre red\u00e9finie car, si dans un mod\u00e8le on lui attribue 13, 7 milliards d\u2019ann\u00e9es, ce qui n\u2019est que 3 fois l\u2019\u00e2ge attribu\u00e9 \u00e0 la Terre, dans un autre r\u00e9f\u00e9rentiel, notre temps actuel, cette origine est rejet\u00e9e \u00e0 l\u2019infini de notre pass\u00e9.<\/p>\n\n\n\n<p>Si on consid\u00e8re l\u2019\u00e9volution, pour ce qui concerne l\u2019humanit\u00e9 on peut dire qu\u2019elle a une allure de type \u00ab&nbsp;exponentiel&nbsp;\u00bb et que le point d\u2019inflexion de cette \u00e9volution vers l\u2019humain moderne (aujourd\u2019hui) a vraiment commenc\u00e9 \u00e0 la pr\u00e9histoire, il y a quelques dizaines de milliers d\u2019ann\u00e9es [3].<\/p>\n\n\n\n<p>Certes, l\u2019homme des cavernes n\u2019avait pas notre connaissance du monde, mais il est probable que son d\u00e9veloppement intellectuel, n\u2019\u00e9tait pas tr\u00e8s \u00e9loign\u00e9 du n\u00f4tre. Autrement dit, transplant\u00e9 \u00e0 notre \u00e9poque, il aurait pu probablement s\u2019y adapter.<\/p>\n\n\n\n<p>A t\u00e9moin de cette \u00e9volution exponentielle des connaissances, il faut rappeler, qu&rsquo;aujourd\u2019hui nous avons plus de scientifiques vivants qu\u2019il n\u2019y en eu dans tout notre pass\u00e9.<\/p>\n\n\n\n<p>Aussi pour l\u2019avenir on peut partir de l\u2019\u00e9tat des choses aujourd\u2019hui.<\/p>\n\n\n\n<h2 class=\"wp-block-heading\">Le futur de l\u2019humanit\u00e9 \u00e0 l\u2019\u00e9chelle cosmologique<\/h2>\n\n\n\n<h2 class=\"wp-block-heading\">&nbsp;Le Soleil<\/h2>\n\n\n\n<p>Un premier constat est que les ressources qui nous permettent de vivre sont d\u00e9j\u00e0 bien entam\u00e9es.<\/p>\n\n\n\n<p>Si la dur\u00e9e de vie d\u2019une \u00e9toile comme le Soleil est de 8 \u00e0 10 milliards d\u2019ann\u00e9es nous sommes \u00e0 mi-chemin.  Le danger n&rsquo;est pas \u00e0 cette \u00e9ch\u00e9ance, car dans son \u00e9volution la chaleur du Soleil augmente lentement mais r\u00e9guli\u00e8rement et on estime que dans 500 millions d\u2019ann\u00e9es l\u2019augmentation sera telle que les plantes disparaitront sur Terre.<\/p>\n\n\n\n<h3 class=\"wp-block-heading\">Le syst\u00e8me solaire<\/h3>\n\n\n\n<p>Une autre menace est que le syst\u00e8me solaire suit une loi de type chaotique et si sa stabilit\u00e9 \u00e0 court terme n\u2019est pas trop compromise \u00e0 l\u2019\u00e9chelle de 100 millions d\u2019ann\u00e9es on ne peut rien pr\u00e9dire.<\/p>\n\n\n\n<p>Une modification, m\u00eame l\u00e9g\u00e8re, de l\u2019orbite de la Terre aurait des cons\u00e9quences difficiles \u00e0 pr\u00e9dire. De m\u00eame le passage de corps massifs errants (\u00e9toiles errantes, par exemple) \u00e0 proximit\u00e9 du syst\u00e8me solaire serait de nature \u00e0 le d\u00e9stabiliser.<\/p>\n\n\n\n<h3 class=\"wp-block-heading\">Les m\u00e9t\u00e9orites<\/h3>\n\n\n\n<p>Difficile de pr\u00e9dire que nous sommes \u00e0 l\u2019abri d\u2019un cataclysme, l\u2019examen du pass\u00e9 a montr\u00e9, par l\u2019extinction des dinosaures que cela pouvait avoir des cons\u00e9quences importantes. Mais une catastrophe de cette ampleur est assez rare.<\/p>\n\n\n\n<p>Tout cela fait que beaucoup de menaces, ind\u00e9pendantes de notre volont\u00e9, nous guettent.<\/p>\n\n\n\n<h3 class=\"wp-block-heading\">L\u2019humain<\/h3>\n\n\n\n<p>Mais ce n&rsquo;est pas le pire car,  sans doute, le plus \u00e0 craindre, sont les d\u00e9g\u00e2ts \u00e9cologiques r\u00e9sultant d&rsquo;une activit\u00e9 humaine non maitris\u00e9e, qui ont des effets qui peuvent rendre la plan\u00e8te inhabitable, \u00e0 relativement court terme (moins d\u2019un si\u00e8cle), sans compter les guerres qui ne manqueront pas de se produire lorsque les ressources se rarifieront. Cet inventaire n&rsquo;est, malheureusement,  pas exhaustif et l&rsquo;existence de l&rsquo;humanit\u00e9 pourrait bien se r\u00e9v\u00e9ler une parenth\u00e8se, un incident,  totalement n\u00e9gligeable dans le cadre de l&rsquo;univers.<\/p>\n\n\n\n<p>L\u2019humanit\u00e9 sera face \u00e0 un avenir tr\u00e8s sombre o\u00f9 sa survie risque d\u2019\u00eatre fortement compromise.<\/p>\n\n\n\n<p>Concernant les menaces \u00e0 long terme (au del\u00e0 du million d&rsquo;ann\u00e9es) , il n&rsquo;est pas inconcevable qu&rsquo;une migration d&rsquo;une partie de l&rsquo;humanit\u00e9 vers des plan\u00e8tes ou satellites de plan\u00e8tes plus lointaines puisse offrir un r\u00e9pit, \u00e0 condition d&rsquo;arriver jusque l\u00e0.  <\/p>\n\n\n\n<h2 class=\"wp-block-heading\">La fin de l\u2019univers<\/h2>\n\n\n\n<p>L\u2019univers, lui-m\u00eame, en tant qu&rsquo;espace-temps n&rsquo;a pas de caract\u00e8re chronologique, il n&rsquo;a ni pass\u00e9, ni pr\u00e9sent, ni futur: il existe. Il faut  rappeler que les concepts de pass\u00e9, pr\u00e9sent, futur , de temps et d&rsquo;espace que nous avons utilis\u00e9s se rapportent \u00e0 l&rsquo;humain sur sa ligne d&rsquo;univers, inclue dans l&rsquo;espace-temps, pas \u00e0 l&rsquo;univers qui n&rsquo;a besoin de rien d&rsquo;autre que lui-m\u00eame pour exister: il existe forc\u00e9ment puisqu&rsquo;en qu&rsquo;en tant que partie de lui nous sommes l\u00e0 pour le constater.  <\/p>\n\n\n\n<p>Ces notions de pass\u00e9, pr\u00e9sent, futur , temps, espace sur notre ligne d&rsquo;univers orient\u00e9e par notre temps propre,  r\u00e9sultent d&rsquo;un feuilletage interne, de l&rsquo;objet math\u00e9matique (une vari\u00e9t\u00e9) repr\u00e9sentant l&rsquo;univers- espace-temps.<\/p>\n\n\n\n<h2 class=\"wp-block-heading\">L\u2019humanit\u00e9 doit penser l\u2019existence dans sa pr\u00e9carit\u00e9<\/h2>\n\n\n\n<p>Dans les approches philosophiques que nous avons pr\u00e9sent\u00e9es, que l\u2019humanit\u00e9 a d\u00e9velopp\u00e9, essentialiste, existentialiste et religieuse, nous l\u2019avons pens\u00e9 dans le pr\u00e9sent d&rsquo;un constat de notre conscience,  sans y int\u00e9grer sa pr\u00e9carit\u00e9 qui pourtant en est un caract\u00e8re essentiel.<\/p>\n\n\n\n<p>Il faut certainement reconsid\u00e9rer notre existence en y int\u00e9grant cette dimension de pr\u00e9carit\u00e9 de l\u2019humanit\u00e9 \u00e0 l\u2019\u00e9chelle cosmologique. Compte tenu que nous sommes des objets cosmologiques dans notre constitution cela est naturel. Quelles cons\u00e9quences cela aura-t-il sur l\u2019analyse que nous avons faite&nbsp;?<\/p>\n\n\n\n<p>Il faut reconsid\u00e9rer notre existence en int\u00e9grant cette dimension de pr\u00e9carit\u00e9 de l\u2019humanit\u00e9 \u00e0 l\u2019\u00e9chelle cosmologique. Compte tenu que nous sommes des objets cosmologiques par notre constitution cela est naturel.<\/p>\n\n\n\n<h2 class=\"wp-block-heading\">Repr\u00e9sentation dans l\u2019espace-temps de notre existence<\/h2>\n\n\n\n<p>La relativit\u00e9 g\u00e9n\u00e9rale \u00e9tant une th\u00e9orie qui d\u00e9finit et d\u00e9crit l\u2019univers comme \u00e9tant un espace-temps, notre existence se situe, comme une \u00ab&nbsp;ile&nbsp;\u00bb dans cet espace-temps qu\u2019il faut situer dans cet espace-temps et d\u00e9finir aussi ses param\u00e8tres spatio-temporels.<\/p>\n\n\n\n<p>Nous sommes confront\u00e9s \u00e0 une premi\u00e8re difficult\u00e9, car s\u2019il est facile de d\u00e9limiter les contours (spatio-temporels- leur extension dans l\u2019espace et le temps en langage newtonien) de notre r\u00e9gion mat\u00e9rielle (les atomes qui nous constituent, localis\u00e9s principalement sur Terre en ce moment), pour notre esprit c\u2019est diff\u00e9rent.<\/p>\n\n\n\n<h2 class=\"wp-block-heading\">Paradoxe La connaissance va au del\u00e0 de l&rsquo;existence<\/h2>\n\n\n\n<p>C&rsquo;est un des paradoxes, car on pourrait penser que notre connaissance soit limit\u00e9e \u00e0 la portion d&rsquo;espace-temps o\u00f9 l&rsquo;humanit\u00e9 est pr\u00e9sente.<\/p>\n\n\n\n<p>En fait elle va bien au-del\u00e0 dans son pass\u00e9 et m\u00eame dans son futur, m\u00eame si l&rsquo;augmentation de la connaissance s&rsquo;amenuise en quantit\u00e9 et qualit\u00e9 au fur et \u00e0 mesure qu&rsquo;on s&rsquo;\u00e9loigne de notre r\u00e9gion d&rsquo;existence dans l&rsquo;espace-temps.<\/p>\n\n\n\n<p>Autrement dit, en langage newtonien, la capacit\u00e9 de notre esprit, \u00e0 appr\u00e9hender l\u2019univers avec une connaissance qui, si elle s\u2019amenuise avec la distance, progresse en fonction du temps et des d\u00e9couvertes et th\u00e9ories associ\u00e9es.<\/p>\n\n\n\n<p>Comme il est difficile d\u2019associer une fronti\u00e8re \u00e0 la connaissance, une structure g\u00e9om\u00e9trique de type ouvert, donnant un ordre de grandeur, sera mieux adapt\u00e9e \u00e0 la description de son extension. Cette extension est contrainte \u00e9videmment par les limites (suppos\u00e9es) de l\u2019espace-temps repr\u00e9sentant l\u2019univers.<\/p>\n\n\n\n<p>Il faut donc faire une double repr\u00e9sentation pour les humains, une pour la partie physique l\u2019autre pour son entendement. &nbsp;Ce peut \u00eatre deux r\u00e9gions de l\u2019espace-temps connect\u00e9es ou plus simplement alors la partie mat\u00e9rielle incluse dans la partie associ\u00e9e \u00e0 l\u2019esprit qui la contient. <\/p>\n\n\n\n<p>Voir figure ci-dessous. D\u2019autres \u00ab&nbsp;esp\u00e8ces intelligentes&nbsp;\u00bb dans l\u2019univers, qui peuvent exister, dans d&rsquo;autres ilots d&rsquo;espace-temps, sont non repr\u00e9sent\u00e9es.<\/p>\n\n\n\n<figure class=\"wp-block-image size-full\"><img loading=\"lazy\" decoding=\"async\" width=\"748\" height=\"344\" src=\"https:\/\/vous-avez-dit-bigbang.fr\/wp-content\/uploads\/2025\/02\/image.png\" alt=\"\" class=\"wp-image-3321\" srcset=\"https:\/\/vous-avez-dit-bigbang.fr\/wp-content\/uploads\/2025\/02\/image.png 748w, https:\/\/vous-avez-dit-bigbang.fr\/wp-content\/uploads\/2025\/02\/image-300x138.png 300w\" sizes=\"auto, (max-width: 748px) 85vw, 748px\" \/><\/figure>\n\n\n\n<h2 class=\"wp-block-heading\">D\u00e9veloppement de l&rsquo;humanit\u00e9: contingence ou finalit\u00e9?<\/h2>\n\n\n\n<p>L&rsquo;histoire de notre av\u00e8nement, en tant qu&rsquo;esp\u00e8ce dominante sur Terre, laisse \u00e0 penser que c&rsquo;est plut\u00f4t une contingence, un hasard, qui a permis notre av\u00e8nement. Les dinosaures r\u00e9gnaient depuis plusieurs centaines de millions d&rsquo;ann\u00e9es, quand le gigantisme, et leurs besoins gigantesques associ\u00e9s en nourriture par exemple, qui s&rsquo;\u00e9tait install\u00e9, leur f\u00fbt fatal. <\/p>\n\n\n\n<p>Un cataclysme allait entrainer leur disparition, alors que de petits mammif\u00e8res, avec des besoins bien moindres, ont surv\u00e9cus et pu se d\u00e9velopper.<\/p>\n\n\n\n<p>D&rsquo;un autre c\u00f4t\u00e9, un \u00e9tat de d\u00e9veloppement d&rsquo;une esp\u00e8ce, qui ne peut pas survivre \u00e0 des al\u00e9as catastrophiques qui sont incontournables dans notre univers doit \u00eatre consid\u00e9r\u00e9 comme non viable. A ce titre les petits mammif\u00e8res \u00e9taient plus viables que les dinosaures. <\/p>\n\n\n\n<p>Leur \u00e9volution, jusqu&rsquo;aux humains conservera -t-il cet attribut?<\/p>\n\n\n\n<p>Le regard qu&rsquo;on peut porter sur notre soci\u00e9t\u00e9, actuellement,  laisse dubitatif. L&rsquo;humain a modifi\u00e9 le contexte naturel de notre plan\u00e8te, pour l&rsquo;adapter \u00e0 ses besoins. <\/p>\n\n\n\n<p>Jusqu&rsquo;\u00e0 l&rsquo;\u00e8re industrielle, la Terre l&rsquo;a bien support\u00e9, mais de nos jours nous prenons conscience, enfin certains du moins, que si le rythme de l&rsquo;\u00e9volution des besoins ne ralentit pas nous courrons vers une catastrophe \u00e9cologique majeure dont les cons\u00e9quences seront dramatiques jusqu&rsquo;\u00e0 conduire \u00e0 rendre la Terre inhabitable \u00e0 court terme [4]. <\/p>\n\n\n\n<p>Que la sagesse l&#8217;emporte sur la folie est loin d&rsquo;\u00eatre certain, mais l\u00e0, au moins, \u00e0 la diff\u00e9rence des \u00e9v\u00e8nements astrophysiques ou cosmologiques, c&rsquo;est nous qui avons les cl\u00e9s de la r\u00e9ussite de cette transition \u00e9cologique en douceur, permettant de pr\u00e9server l&rsquo;humanit\u00e9, \u00e0 court terme.<\/p>\n\n\n\n<h2 class=\"wp-block-heading\">La finitude des civilisations est-elle une propri\u00e9t\u00e9 structurelle en cosmologie?<\/h2>\n\n\n\n<p>On peut effectivement se poser cette question. La finitude en temps et espace de l&rsquo;humanit\u00e9,  est un constat pour notre esprit, dans une approche de type newtonienne o\u00f9 temps et espace sont des concepts fondamentaux.  <\/p>\n\n\n\n<p>Mais dans le cadre d&rsquo;un espace temps, l&rsquo;humanit\u00e9 existe, car en tant que partie de l&rsquo;espace-temps, qui a ni  pass\u00e9, ni pr\u00e9sent et ni avenir (au sens newtonien), elle h\u00e9rite de la propri\u00e9t\u00e9 d&rsquo;existence de l&rsquo;univers sans pass\u00e9, pr\u00e9sent et futur.<\/p>\n\n\n\n<p>On saisit la diff\u00e9rence avec l&rsquo;approche newtonienne o\u00f9, avant l&rsquo;av\u00e8nement de l&rsquo;humanit\u00e9  elle n&rsquo;existe pas  et apr\u00e8s la fin de l&rsquo;humanit\u00e9 elle n&rsquo;existe plus. <\/p>\n\n\n\n<h2 class=\"wp-block-heading\"> N\u00e9cessit\u00e9 d&rsquo;un conscience pour l&rsquo;existence de l&rsquo;univers?<\/h2>\n\n\n\n<p>Ce point, d&rsquo;une possible n\u00e9cessit\u00e9 d&rsquo;une conscience dans un univers, pour attester de son existence, a \u00e9t\u00e9 discut\u00e9 dans d&rsquo;autres pages de ce site. L&rsquo;id\u00e9e est qu&rsquo;on se demande si un univers qui n&rsquo;aurait pas de conscience pour constater son existence, existe. <\/p>\n\n\n\n<p>On suppose ceci de mani\u00e8re g\u00e9n\u00e9rale, en postulant que ce n&rsquo;est pas le fait d&rsquo;exister pour quelqu&rsquo;un ou non qui est concern\u00e9, mais le fait qu&rsquo;il doit exister au moins quelqu&rsquo;un pour constater l&rsquo;existence pour que l&rsquo;existence  soit possible.<\/p>\n\n\n\n<p>Un univers sans conscience n&rsquo;existe pas, ceci \u00e9tant stipul\u00e9, de mani\u00e8re restrictive, dans le cadre d&rsquo;une repr\u00e9sentation par un espace-temps.<\/p>\n\n\n\n<h2 class=\"wp-block-heading\">Transcender la finitude?<\/h2>\n\n\n\n<p>Peut-on attribuer une valeur intrins\u00e8que \u00e0 quelque chose qui s&rsquo;inscrirait dans l&rsquo;\u00e9ph\u00e9m\u00e8re? Les math\u00e9matiques, l&rsquo;art, par exemple, peuvent effectivement satisfaire \u00e0 ce type de crit\u00e8re. Pour les math\u00e9matiques, nous avons d\u00e9j\u00e0 soulign\u00e9 le caract\u00e8re \u00ab\u00a0transcendental\u00a0\u00bb de cette discipline qui nous permet de d\u00e9passer nos limites conceptuelles. En art, par exemple, on peut trouver des oeuvres incompr\u00e9hensibles, qui cependant vont exhiber de la valeur, uniquement sur la forme de leur expression, par les  impressions et sensations qu&rsquo;elles inspirent.<\/p>\n\n\n\n<p>Ceci tendrait \u00e0 montrer que quelque chose de limit\u00e9 peut avoir une valeur qui transcende sa finitude.<\/p>\n\n\n\n<h2 class=\"wp-block-heading\">A suivre..<\/h2>\n\n\n\n<p>[1] \u00ab\u00a0De Brevitate vit\u00e6\u00a0\u00bb , &nbsp;<em>S\u00e9n\u00e8que<\/em>&nbsp;vers 49 ap. J.-C.  Il propose d&rsquo;en accepter le caract\u00e8re \u00e9ph\u00e9m\u00e8re,  qu&rsquo;il constate, et de s&#8217;employer \u00e0 un accomplissement de l&rsquo;humain, par son action en fonction de valeurs qui, \u00e0 l&rsquo;\u00e9poque, lui semblaient essentielles,  par exemple politiques et  morales,  ce qui est subjectif, pour le bien de la \u00ab\u00a0cit\u00e9\u00a0\u00bb et de ses occupants.  A part les croyants, pour qui la vie est une \u00e9preuve pour m\u00e9riter une vie \u00e9ternelle (paradis), les philosophes ont cherch\u00e9 une m\u00e9thode n&rsquo;impliquant que la vie elle -m\u00eame, dans son caract\u00e8re \u00e9ph\u00e9m\u00e8re, pour tenter de lui donner un sens et une raison d&rsquo;exister.<\/p>\n\n\n\n<p>Ult\u00e9rieurement, de mani\u00e8re plus \u00e9labor\u00e9e, le philosophe Friedrich Nietzsche, pour ne citer que lui, a propos\u00e9 une m\u00e9thode, \u00ab\u00a0le grand style\u00a0\u00bb se nourrissant des antagonismes propres \u00e0 la vie sans hi\u00e9rarchisation entre eux  qu&rsquo;il d\u00e9crit dans \u00ab\u00a0par del\u00e0 le bien et le mal \u00ab\u00a0et introduisant la notion de \u00ab\u00a0surhomme\u00a0\u00bb, conduisant \u00e9galement \u00e0 une solution qui n&rsquo;implique que la vie , nonobstant toute r\u00e9f\u00e9rence \u00e0 son caract\u00e8re \u00e9ph\u00e9m\u00e8re.   <\/p>\n\n\n\n<p>Sa triste fin, (il sombra dans la folie), laisse dubitatif sur l&rsquo;efficacit\u00e9 de sa tentative qui, m\u00eame si elle repose sur une analyse tr\u00e8s novatrice invoquant la psychanalyse, ne lui a pas permis d&rsquo;atteindre la s\u00e9r\u00e9nit\u00e9 tant recherch\u00e9e par les philosophes. Par ailleurs l&rsquo;interpr\u00e9tation abusive d&rsquo;une partie de sa philosophie (entre autres le \u00ab\u00a0surhomme\u00a0\u00bb) par les nazis a donn\u00e9 les tristes r\u00e9sultats qu&rsquo;on connait.<\/p>\n\n\n\n<p>Il \u00e9tait utile d&rsquo;\u00e9voquer cela car structurellement, cette approche philosophique qui ne consid\u00e8re que la vie, sans autre chose, est conforme \u00e0 l&rsquo;approche moderne invoquant un espace-temps, que nous d\u00e9crivons dans ce texte, qui ne consid\u00e8re que cet espace-temps, qui contient toutes les propri\u00e9t\u00e9s de mani\u00e8re \u00ab\u00a0interne\u00a0\u00bb , sans r\u00e9f\u00e9rence \u00e0 quoi que ce soit d&rsquo;externe.<\/p>\n\n\n\n<p><\/p>\n\n\n\n<p>[2] Ceci fait r\u00e9f\u00e9rence au \u00ab\u00a0Big Bang\u00a0\u00bb dans le mod\u00e8le cosmologique standard. Ce terme de Big Bang est contest\u00e9, (voir James Peebles), dans le contexte d&rsquo;un univers de type espace-temps, car faisant r\u00e9f\u00e9rence \u00e0 la \u00ab\u00a0cr\u00e9ation\u00a0\u00bb de l&rsquo;univers invoquant des concepts de temps et d&rsquo;espace de type newtonien. Ce que nous appelons le pass\u00e9 de l&rsquo;univers est en fait notre pass\u00e9 sur notre ligne d&rsquo;univers orient\u00e9e par notre temps propre ( voir livre \u00ab\u00a0Vous avez dit Big Bang\u00a0\u00bb de J. FRIC).<\/p>\n\n\n\n<p>L&rsquo;univers lui m\u00eame, en tant qu&rsquo;espace-temps ( concept qui englobe le temps et l&rsquo;espace en tant qu&rsquo;apparences) n&rsquo;a ni pass\u00e9, ni pr\u00e9sent, ni futur qui n&rsquo;ont sont que des \u00e9l\u00e9ments internes de sa g\u00e9om\u00e9trie. Il existe n\u00e9cessairement pour une conscience car elle pr\u00e9suppose son existence pour exister. Ce point a \u00e9t\u00e9 discut\u00e9 longuement dans d&rsquo;autres pages du site.<\/p>\n\n\n\n<p>[3] notons que le r\u00e8gne des dinosaures, brutalement interrompu il y a environ 66 millions d&rsquo;ann\u00e9es, avait commenc\u00e9, il y a 300 millions d&rsquo;ann\u00e9es. On voit combien notre histoire, si on la fait partir m\u00eame  de 50 000 ans avant J\u00e9sus Christ, (pr\u00e9histoire),  l\u00e0 o\u00f9 les choses ont commenc\u00e9 \u00e0 \u00e9voluer (lentement), est bien courte. Le point d&rsquo;inflexion d&rsquo;acc\u00e9l\u00e9ration de l&rsquo;\u00e9volution a vraiment commenc\u00e9 avec les m\u00e9sopotamiens , babyloniens, \u00e9gyptiens, puis grecs anciens  qui nous ont fait vraiment entrer dans l&rsquo;\u00e9poque moderne. <\/p>\n\n\n\n<p>Avant, entre les premiers hominid\u00e9s et  la pr\u00e9histoire, la situation n&rsquo;a pratiquement pas \u00e9volu\u00e9e (on a trouv\u00e9 diff\u00e9rentes variantes en diff\u00e9rents points du globe, mais \u00e0 un stade de d\u00e9veloppement rest\u00e9 tr\u00e8s voisin de celui des singes).<\/p>\n\n\n\n<p>[4] Il y a des caps \u00e0 passer, car les pr\u00e9dictions d\u00e9mographiques pr\u00e9voient que la population terrestre aura diminu\u00e9 en 2100, ce qui r\u00e9duit \u00ab\u00a0m\u00e9caniquement\u00a0\u00bb la pollution. Il faudrait que jusqu&rsquo;\u00e0 2100, \u00e0 aucun moment, une augmentation de 3\u00b0C  soit d\u00e9pass\u00e9e. Ces ph\u00e9nom\u00e8nes climatiques sont non lin\u00e9aires et leur divergence est cataclysmique, comme en t\u00e9moigne la plan\u00e8te V\u00e9nus, s\u0153ur jumelle de la Terre o\u00f9 la temp\u00e9rature de surface atteint plusieurs centaines de degr\u00e9s Celsius.<\/p>\n\n\n\n<p><\/p>\n","protected":false},"excerpt":{"rendered":"<p>Introduction S\u00e9n\u00e8que s\u2019\u00e9tait int\u00e9ress\u00e9 au caract\u00e8re \u00e9ph\u00e9m\u00e8re de la vie et donc de l\u2019existence d\u2019un humain [1]. Il s&rsquo;est attach\u00e9 \u00e0 rechercher comment donner un sens \u00e0 cette existence uniquement dans le contexte de cette bri\u00e8vet\u00e9. On peut prolonger cette qu\u00eate en s\u2019interrogeant sur la p\u00e9rennit\u00e9 de l\u2019humanit\u00e9. Pr\u00e9alable: P\u00e9rennit\u00e9 d&rsquo;une humanit\u00e9 L&rsquo;humanit\u00e9 \u00e9tant constitu\u00e9e &hellip; <a href=\"https:\/\/vous-avez-dit-bigbang.fr\/?page_id=3312\" class=\"more-link\">Continuer la lecture<span class=\"screen-reader-text\"> de &laquo;&nbsp;Bri\u00e8vet\u00e9 de l\u2019humanit\u00e9\u00a0et existence 24\/3\/25&nbsp;&raquo;<\/span><\/a><\/p>\n","protected":false},"author":1,"featured_media":0,"parent":0,"menu_order":0,"comment_status":"closed","ping_status":"closed","template":"","meta":{"footnotes":""},"class_list":["post-3312","page","type-page","status-publish","hentry"],"_links":{"self":[{"href":"https:\/\/vous-avez-dit-bigbang.fr\/index.php?rest_route=\/wp\/v2\/pages\/3312","targetHints":{"allow":["GET"]}}],"collection":[{"href":"https:\/\/vous-avez-dit-bigbang.fr\/index.php?rest_route=\/wp\/v2\/pages"}],"about":[{"href":"https:\/\/vous-avez-dit-bigbang.fr\/index.php?rest_route=\/wp\/v2\/types\/page"}],"author":[{"embeddable":true,"href":"https:\/\/vous-avez-dit-bigbang.fr\/index.php?rest_route=\/wp\/v2\/users\/1"}],"replies":[{"embeddable":true,"href":"https:\/\/vous-avez-dit-bigbang.fr\/index.php?rest_route=%2Fwp%2Fv2%2Fcomments&post=3312"}],"version-history":[{"count":11,"href":"https:\/\/vous-avez-dit-bigbang.fr\/index.php?rest_route=\/wp\/v2\/pages\/3312\/revisions"}],"predecessor-version":[{"id":3485,"href":"https:\/\/vous-avez-dit-bigbang.fr\/index.php?rest_route=\/wp\/v2\/pages\/3312\/revisions\/3485"}],"wp:attachment":[{"href":"https:\/\/vous-avez-dit-bigbang.fr\/index.php?rest_route=%2Fwp%2Fv2%2Fmedia&parent=3312"}],"curies":[{"name":"wp","href":"https:\/\/api.w.org\/{rel}","templated":true}]}}