{"id":3018,"date":"2024-08-31T09:07:23","date_gmt":"2024-08-31T07:07:23","guid":{"rendered":"https:\/\/vous-avez-dit-bigbang.fr\/?page_id=3018"},"modified":"2024-09-05T17:15:08","modified_gmt":"2024-09-05T15:15:08","slug":"mecanique-quantique-le-point-de-vue-de-wigner-est-il-justifie31-08-24","status":"publish","type":"page","link":"https:\/\/vous-avez-dit-bigbang.fr\/?page_id=3018","title":{"rendered":"M\u00e9canique quantique: Le point de vue de Wigner est-il justifi\u00e9?5\/09\/24"},"content":{"rendered":"\n<h1 class=\"wp-block-heading\">Rappel<\/h1>\n\n\n\n<p>Wigner soutient que lors d\u2019une mesure sur un syst\u00e8me quantique, dont le r\u00e9sultat est un des \u00e9tats propres, de la fonction d\u2019onde avec la probabilit\u00e9 associ\u00e9e [1] c\u2019est au moment o\u00f9 l\u2019exp\u00e9rimentateur (une conscience) prend connaissance du r\u00e9sultat de la mesure que la d\u00e9coh\u00e9rence de l\u2019\u00e9tat de superposition de la fonction d\u2019onde intervient.<\/p>\n\n\n\n<p>Rappelons que pour obtenir une information par une mesure (qui va produire un des \u00e9tats propres avec une certaine probabilit\u00e9 voir [1]) cela implique une d\u00e9coh\u00e9rence de la superposition d&rsquo;\u00e9tats du syst\u00e8me quantique pour produire cet \u00e9tat propre. <\/p>\n\n\n\n<h2 class=\"wp-block-heading\">Commentaire<\/h2>\n\n\n\n<p>Cette proposition qui para\u00eet iconoclaste, qui n\u2019est pas celle qui est conventionnellement retenue, a pourtant l\u2019avantage,<\/p>\n\n\n\n<ul class=\"wp-block-list\">\n<li>d\u2019une part d\u2019inclure une conscience humaine dans le processus physique consid\u00e9r\u00e9, ce qui est conceptuellement tr\u00e8s important, car il ne faut pas oublier que d&rsquo;une part, la science est une activit\u00e9 humaine et que nous ne sommes pas \u00ab&nbsp;ext\u00e9rieurs&nbsp;\u00bb \u00e0 l\u2019univers car nous en faisons partie et \u00e0 ce titre en sommes intimement d\u00e9pendants (nous sommes nous-m\u00eames constitu\u00e9s d\u2019atomes) , m\u00eame \u00e0 notre corps d\u00e9fendant et <\/li>\n\n\n\n<li>d&rsquo;autre part qu&rsquo;un dispositif quantique destin\u00e9 \u00e0 \u00e0 effectuer une mesure (une exp\u00e9rience) d&rsquo;un effet quantique est une construction humaine visant \u00e0 mettre en \u00e9vidence une propri\u00e9t\u00e9 de la physique, incorporant tous les ingr\u00e9dients th\u00e9oriques propres \u00e0 produire l&rsquo;effet d\u00e9sir\u00e9 [2].<\/li>\n\n\n\n<li>d\u2019autre part cela permet aussi de satisfaire au principe de conservation de l\u2019information r\u00e9sultant de la mesure qui, ainsi transf\u00e9r\u00e9 \u00e0 une conscience, n\u2019est pas perdue, alors que sans transfert \u00e0 cette conscience, l\u2019information li\u00e9e \u00e0 ce r\u00e9sultat, connue de personne, serait perdue\u2026.<\/li>\n\n\n\n<li>En effet, comme l&rsquo;exp\u00e9rience des fentes de Young le montre, pour qu&rsquo;une exp\u00e9rience produise une information, il faut que le dispositif exp\u00e9rimental produise une information sur le syst\u00e8me consid\u00e9r\u00e9 [3]. Mais si cette information n&rsquo;est pas transf\u00e9r\u00e9e, in fine, \u00e0 une conscience humaine, elle est perdue, rendant st\u00e9rile l&rsquo;exp\u00e9rimentation.<\/li>\n\n\n\n<li><\/li>\n\n\n\n<li><\/li>\n<\/ul>\n\n\n\n<p>[1] Voir&nbsp;<a href=\"https:\/\/vous-avez-dit-bigbang.fr\/wp-content\/uploads\/2022\/02\/Mecanique-quantique-1.pdf\">https:\/\/vous-avez-dit-bigbang.fr\/wp-content\/uploads\/2022\/02\/Mecanique-quantique-1.pdf<\/a>, en particulier diapos 95-100.<\/p>\n\n\n\n<p>[2] Bachelard, dans son livre \u00ab\u00a0Le nouvel esprit scientifique\u00a0\u00bb consid\u00e8re qu&rsquo;une exp\u00e9rience est la mat\u00e9rialisation d&rsquo;un des \u00e9l\u00e9ments d&rsquo;une th\u00e9orie: il y a un morphisme structurel entre la th\u00e9orie et l&rsquo;appareillage de mesure.<\/p>\n\n\n\n<p>[3] Pour savoir si le photon passe par une fente ou l&rsquo;autre, il faut un d\u00e9tecteur attach\u00e9 \u00e0 une fente. Notons que si le photon passe par l&rsquo;autre fente, le d\u00e9tecteur ne s&rsquo;active pas, mais compte tenu du dispositif, on conclut qu&rsquo;il est pass\u00e9 par l&rsquo;autre, ceci pouvant se v\u00e9rifier par les impacts \u00ab\u00a0ponctuels\u00a0\u00bb sur un \u00e9cran derri\u00e8re les fentes (pas de franges d&rsquo;interf\u00e9rence). On a une information. <\/p>\n\n\n\n<p>En l&rsquo;absence de d\u00e9tecteur on obtient des franges d&rsquo;interf\u00e9rences et il est impossible de savoir par quelle fente le photon est pass\u00e9 \u00e0 supposer que ceci ait un sens : pas d&rsquo;information dans ce cas.<\/p>\n","protected":false},"excerpt":{"rendered":"<p>Rappel Wigner soutient que lors d\u2019une mesure sur un syst\u00e8me quantique, dont le r\u00e9sultat est un des \u00e9tats propres, de la fonction d\u2019onde avec la probabilit\u00e9 associ\u00e9e [1] c\u2019est au moment o\u00f9 l\u2019exp\u00e9rimentateur (une conscience) prend connaissance du r\u00e9sultat de la mesure que la d\u00e9coh\u00e9rence de l\u2019\u00e9tat de superposition de la fonction d\u2019onde intervient. Rappelons &hellip; <a href=\"https:\/\/vous-avez-dit-bigbang.fr\/?page_id=3018\" class=\"more-link\">Continuer la lecture<span class=\"screen-reader-text\"> de &laquo;&nbsp;M\u00e9canique quantique: Le point de vue de Wigner est-il justifi\u00e9?5\/09\/24&nbsp;&raquo;<\/span><\/a><\/p>\n","protected":false},"author":1,"featured_media":0,"parent":0,"menu_order":0,"comment_status":"closed","ping_status":"closed","template":"","meta":{"footnotes":""},"class_list":["post-3018","page","type-page","status-publish","hentry"],"_links":{"self":[{"href":"https:\/\/vous-avez-dit-bigbang.fr\/index.php?rest_route=\/wp\/v2\/pages\/3018","targetHints":{"allow":["GET"]}}],"collection":[{"href":"https:\/\/vous-avez-dit-bigbang.fr\/index.php?rest_route=\/wp\/v2\/pages"}],"about":[{"href":"https:\/\/vous-avez-dit-bigbang.fr\/index.php?rest_route=\/wp\/v2\/types\/page"}],"author":[{"embeddable":true,"href":"https:\/\/vous-avez-dit-bigbang.fr\/index.php?rest_route=\/wp\/v2\/users\/1"}],"replies":[{"embeddable":true,"href":"https:\/\/vous-avez-dit-bigbang.fr\/index.php?rest_route=%2Fwp%2Fv2%2Fcomments&post=3018"}],"version-history":[{"count":6,"href":"https:\/\/vous-avez-dit-bigbang.fr\/index.php?rest_route=\/wp\/v2\/pages\/3018\/revisions"}],"predecessor-version":[{"id":3030,"href":"https:\/\/vous-avez-dit-bigbang.fr\/index.php?rest_route=\/wp\/v2\/pages\/3018\/revisions\/3030"}],"wp:attachment":[{"href":"https:\/\/vous-avez-dit-bigbang.fr\/index.php?rest_route=%2Fwp%2Fv2%2Fmedia&parent=3018"}],"curies":[{"name":"wp","href":"https:\/\/api.w.org\/{rel}","templated":true}]}}