{"id":21,"date":"2020-04-02T12:17:03","date_gmt":"2020-04-02T10:17:03","guid":{"rendered":"http:\/\/vous-avez-dit-bigbang.fr\/?page_id=21"},"modified":"2025-02-06T10:20:56","modified_gmt":"2025-02-06T09:20:56","slug":"cosmologie-astrophysique-et-astronomie","status":"publish","type":"page","link":"https:\/\/vous-avez-dit-bigbang.fr\/?page_id=21","title":{"rendered":"Cosmologie, astrophysique et astronomie (11\/02\/23)    + 50 items"},"content":{"rendered":"\n<figure class=\"wp-block-table is-style-stripes\"><table><tbody><tr><td class=\"has-text-align-center\" data-align=\"center\"><strong>Vous-avez dit big Bang&nbsp;?<\/strong><\/td><\/tr><tr><td class=\"has-text-align-center\" data-align=\"center\"><a href=\"http:\/\/www.astromontgeron.fr\/BL%20LEMAITRE%20M.pdf\"><\/a><br><strong>Liens utiles<\/strong>: <a href=\"http:\/\/www.ipgp.fr\/pages\/06.php\">La Terre<\/a>, <a href=\"http:\/\/www.planete-astronomie.com\/\">Photos plan\u00e8tes<\/a>, <a href=\"http:\/\/www.futura-sciences.com\/galerie_photos\/showgallery.php\/cat\/566\">Images de Hubble<\/a>, <a href=\"http:\/\/www.eso.org\/public\/images\/\">du VLT<\/a>, <a href=\"http:\/\/www.astromontgeron.fr\/A-%20Documents%20sur%20la%20Cosmologie,%20la%20Relativit\u00e9.html\">R\u00e9f\u00e9rences scientifiques<\/a>&nbsp; &nbsp;<a href=\"http:\/\/gnomonique.fr\/calcad\/\">R\u00e9aliser un cadran solaire<\/a> <a href=\"http:\/\/www.stellarium.org\/fr\/\">Plan\u00e9tarium dynamique<\/a>. <a href=\"http:\/\/www.astromontgeron.fr\/MIT-RG1F.htm\">Th\u00e9orie_relativit\u00e9.<\/a> <a href=\"http:\/\/www.astromontgeron.fr\/FAQ%20,%20Cours%20de%20Cosmologie.html\">Cours-cosmo-astro<\/a>, <a href=\"http:\/\/www.iap.fr\/\">IAP<\/a>, <a href=\"http:\/\/saf-astronomie.fr\/\">SAF<\/a>, <a href=\"https:\/\/www.canal-u.tv\/video\/iap\/la_detection_des_ondes_gravitationnelles.48699\">Ondes-gravitationnelles<\/a>, <a href=\"http:\/\/www.astro.ucla.edu\/~wright\/cosmolog.htm#News\">Cours-Cosmologie-E-Wright<\/a> <strong>Soci\u00e9t\u00e9 Astronomique de France&nbsp;: <a href=\"http:\/\/www-cosmosaf.iap.fr\/\">Cosmologie<\/a> <\/strong>, <a href=\"http:\/\/astromontgeron.fr\/\"><strong>astromontgeron<\/strong><\/a>, <a href=\"http:\/\/www.astromontgeron.fr\/Painleve-article-english.pdf\">History- Philosophy- Sciences <\/a> <br><br><strong>Quelques conf\u00e9rences de J. FRIC (2002-2020)<\/strong><br><br> <strong><a href=\"https:\/\/astromontgeron.fr\/Langevin-Wick.pdf\">Paradoxe-jumeaux en relativit\u00e9<\/a>, <a href=\"http:\/\/www.astromontgeron.fr\/Soleil.pdf\">Le_Soleil,<\/a> <a href=\"http:\/\/www.astromontgeron.fr\/SAM_cosmologie_partie_1.pdf\">Cosmologie-1,<\/a> <a href=\"http:\/\/www.astromontgeron.fr\/Cosmo_14_4.pdf\">Cosmologie-2,<\/a> <a href=\"http:\/\/www.astromontgeron.fr\/Cosmo_14_70.pdf\">Cosmologie-3<\/a>, <a href=\"http:\/\/www.astromontgeron.fr\/Distance_cosmologie_13.pdf\">Cosmolgie-4<\/a>, <a href=\"http:\/\/www.astromontgeron.fr\/SAF_CoursCosmo_2010_3.pdf\">Cosmologie-\u00e8quation-Friedmann<\/a>, <a href=\"http:\/\/www.astromontgeron.fr\/Soleil_fusion_nucleaire.pdf\">Comment_le-Soleil_brille, <\/a><a href=\"http:\/\/www.astromontgeron.fr\/univers_et_homme-2016.pdf\">Trous_noirs, Univers_et_homme, <\/a><a href=\"http:\/\/www.astromontgeron.fr\/Principe-de_Mach.pdf\">Principe_de_Mach,<\/a> <a href=\"http:\/\/www.astromontgeron.fr\/fin-humanit\u00e9-30-8-15.pdf\">Quel_avenir_pour_l&rsquo;humanit\u00e9<\/a>, &#8211;<a href=\"http:\/\/www-cosmosaf.iap.fr\/Einstein-relativit\u00e9%20g\u00e9n\u00e9rale.pdf\">Einstein<\/a>, <a href=\"http:\/\/www.astromontgeron.fr\/Pr\u00e9sentation_Les%20Trous%20noirs%20de%20la%20famille%20de%20Kerr_juin-2011.pdf\">Trous_noirs_ de_Kerr<\/a>, <a href=\"http:\/\/www.astromontgeron.fr\/t\u00e9lescopes-spatiaux.pdf\">T\u00e9lescopes-spatiaux<\/a>, <a href=\"http:\/\/www.astromontgeron.fr\/Stephen%20Hawking-synthese.pdf\">Hawking<\/a>, <a href=\"file:\/\/\/C:\/Users\/jacques\/Documents\/Site-web-Big-bang\/Rayonnement%20de%20Hawking.pdf\">Rayonnement_Hawking,<\/a> <a href=\"http:\/\/www-cosmosaf.iap.fr\/Trous%20noirs-2018.pdf\">Trous_noirs<\/a>, <a href=\"http:\/\/www-cosmosaf.iap.fr\/trous-noirs-2018-2.pdf\">Painlev\u00e9-relativit<\/a>\u00e9, <a href=\"http:\/\/www-cosmosaf.iap.fr\/trous-noirs-3-lemaitre-court.pdf\">Lemaitre<\/a>, <a href=\"http:\/\/www-cosmosaf.iap.fr\/Trous%20noirs-la%20maturit\u00e9.pdf\">Trous_noirs-maturit\u00e9,<\/a> <a href=\"http:\/\/www.astromontgeron.fr\/E=Mc2-the_Sun_energy.pdf\">Sun_energy,<\/a><a href=\"http:\/\/www.astromontgeron.fr\/E=mc2_energie_du_soleil.pdf\"> E=Mc\u00b2_L&rsquo;\u00e9nergie_du_Soleil<\/a>, <\/strong><a href=\"http:\/\/www.astromontgeron.fr\/\"><strong>Les_ondes_gravitationnelles<\/strong><\/a> <br><strong><br>Cours de J. Fric \u00e0 la SAF (2009-2020) et traduction de certaines FAQ de E. Wright et J. Baez<\/strong><br>  <a href=\"http:\/\/www.astromontgeron.fr\/FAQ%20,%20Cours%20de%20Cosmologie.html\">Cours-cosmo-astro<\/a><br><br><strong>Traduction de \u00ab\u00a0Lecture notes on general relativity\u00a0\u00bb de Sean Carroll<\/strong><br> <a href=\"http:\/\/www.astromontgeron.fr\/MIT-RG1F.htm\">Th\u00e9orie_relativit\u00e9<\/a><br><br><strong> Autres documents sur la cosmologie et l&rsquo;astrophysique<\/strong><br> <a href=\"http:\/\/www.astromontgeron.fr\/A-%20Documents%20sur%20la%20Cosmologie,%20la%20Relativit%C3%A9.html\">R\u00e9f\u00e9rences scientifiques<\/a> <br><br><br> <br> <\/td><\/tr><tr><td class=\"has-text-align-center\" data-align=\"center\">Mis \u00e0 jour le 08\/04\/2020 <br>Focus sur:<\/td><\/tr><\/tbody><\/table><\/figure>\n\n\n\n<div class=\"wp-block-file\"><a id=\"wp-block-file--media-ec1dc6b6-87bb-4382-9850-4a278f84797a\" href=\"https:\/\/vous-avez-dit-bigbang.fr\/wp-content\/uploads\/2021\/05\/BL-LEMAITRE-M.ppt\">L&rsquo;abb\u00e9 Georges Lema\u00eetre, entre science et religion: un scientifique \u00e9clair\u00e9<\/a><a href=\"https:\/\/vous-avez-dit-bigbang.fr\/wp-content\/uploads\/2021\/05\/BL-LEMAITRE-M.ppt\" class=\"wp-block-file__button wp-element-button\" download aria-describedby=\"wp-block-file--media-ec1dc6b6-87bb-4382-9850-4a278f84797a\">Download<\/a><\/div>\n\n\n\n<p><\/p>\n","protected":false},"excerpt":{"rendered":"<p>Vous-avez dit big Bang&nbsp;? Liens utiles: La Terre, Photos plan\u00e8tes, Images de Hubble, du VLT, R\u00e9f\u00e9rences scientifiques&nbsp; &nbsp;R\u00e9aliser un cadran solaire Plan\u00e9tarium dynamique. Th\u00e9orie_relativit\u00e9. Cours-cosmo-astro, IAP, SAF, Ondes-gravitationnelles, Cours-Cosmologie-E-Wright Soci\u00e9t\u00e9 Astronomique de France&nbsp;: Cosmologie , astromontgeron, History- Philosophy- Sciences Quelques conf\u00e9rences de J. FRIC (2002-2020) Paradoxe-jumeaux en relativit\u00e9, Le_Soleil, Cosmologie-1, Cosmologie-2, Cosmologie-3, Cosmolgie-4, Cosmologie-\u00e8quation-Friedmann, Comment_le-Soleil_brille, &hellip; <a href=\"https:\/\/vous-avez-dit-bigbang.fr\/?page_id=21\" class=\"more-link\">Continuer la lecture<span class=\"screen-reader-text\"> de &laquo;&nbsp;Cosmologie, astrophysique et astronomie (11\/02\/23)    + 50 items&nbsp;&raquo;<\/span><\/a><\/p>\n","protected":false},"author":1,"featured_media":0,"parent":0,"menu_order":0,"comment_status":"closed","ping_status":"closed","template":"","meta":{"footnotes":""},"class_list":["post-21","page","type-page","status-publish","hentry"],"_links":{"self":[{"href":"https:\/\/vous-avez-dit-bigbang.fr\/index.php?rest_route=\/wp\/v2\/pages\/21","targetHints":{"allow":["GET"]}}],"collection":[{"href":"https:\/\/vous-avez-dit-bigbang.fr\/index.php?rest_route=\/wp\/v2\/pages"}],"about":[{"href":"https:\/\/vous-avez-dit-bigbang.fr\/index.php?rest_route=\/wp\/v2\/types\/page"}],"author":[{"embeddable":true,"href":"https:\/\/vous-avez-dit-bigbang.fr\/index.php?rest_route=\/wp\/v2\/users\/1"}],"replies":[{"embeddable":true,"href":"https:\/\/vous-avez-dit-bigbang.fr\/index.php?rest_route=%2Fwp%2Fv2%2Fcomments&post=21"}],"version-history":[{"count":22,"href":"https:\/\/vous-avez-dit-bigbang.fr\/index.php?rest_route=\/wp\/v2\/pages\/21\/revisions"}],"predecessor-version":[{"id":3310,"href":"https:\/\/vous-avez-dit-bigbang.fr\/index.php?rest_route=\/wp\/v2\/pages\/21\/revisions\/3310"}],"wp:attachment":[{"href":"https:\/\/vous-avez-dit-bigbang.fr\/index.php?rest_route=%2Fwp%2Fv2%2Fmedia&parent=21"}],"curies":[{"name":"wp","href":"https:\/\/api.w.org\/{rel}","templated":true}]}}