{"id":1153,"date":"2021-12-21T18:17:02","date_gmt":"2021-12-21T17:17:02","guid":{"rendered":"https:\/\/vous-avez-dit-bigbang.fr\/?page_id=1153"},"modified":"2024-05-05T12:57:57","modified_gmt":"2024-05-05T10:57:57","slug":"incompatibilite-des-mesures-de-la-constante-de-hubble-pour-z1-impact-de-la-modification-de-la-constante-cosmologique","status":"publish","type":"page","link":"https:\/\/vous-avez-dit-bigbang.fr\/?page_id=1153","title":{"rendered":"Incompatibilit\u00e9 des mesures de la constante de Hubble pour z&lt;1 et z>>1. Astrophysique vs Cosmologie?(5\/05\/24)"},"content":{"rendered":"\n<h2 class=\"wp-block-heading\">Introduction<\/h2>\n\n\n\n<p>Un point, qui peut \u00eatre structurellement int\u00e9ressant, est de consid\u00e9rer  les mesures qui posent probl\u00e8me .<\/p>\n\n\n\n<h2 class=\"wp-block-heading\">Astrophysique vs Cosmologie<\/h2>\n\n\n\n<p>D&rsquo;une part, pour les mesures \u00e0 z&lt; 1,  cette constante est \u00e9valu\u00e9e en utilisant un <strong>ph\u00e9nom\u00e8ne astrophysique<\/strong>, par exemple, le fait que la luminosit\u00e9 intrins\u00e8que (absolue) des supernovas est r\u00e9put\u00e9e constante, ce qui en fait des \u00ab\u00a0chandelles standards\u00a0\u00bb, on utilise alors la distance de luminosit\u00e9 (une observable) et le d\u00e9calage spectral (une autre observable) pour \u00e9valuer cette constante. <\/p>\n\n\n\n<p>D&rsquo;autre part on \u00e9value cette constante en utilisant un <strong>ph\u00e9nom\u00e8ne cosmologique <\/strong>(le rayonnement de fond cosmologique: RFC ou CMB en anglais) dont, par analyse de la r\u00e9partition des inhomog\u00e9n\u00e9it\u00e9s et leur propagation dans le plasma primordial, on d\u00e9duit une taille (physique) de l&rsquo;univers au moment du d\u00e9couplage (z =1089). Ceci permet alors d&rsquo;utiliser la distance angulaire puisque l&rsquo;analyse du RFC donne son \u00ab\u00a0diam\u00e8tre angulaire\u00a0\u00bb par le premier pic de la transform\u00e9e de Fourier spatiale. Avec cette distance angulaire et le d\u00e9calage spectral on peut calculer la constante de Hubble.<\/p>\n\n\n\n<h2 class=\"wp-block-heading\">Isotropie et homog\u00e9n\u00e9it\u00e9 en question<\/h2>\n\n\n\n<p>Ind\u00e9pendamment d&rsquo;\u00e9ventuelles erreurs dans les mesures , le fait, que d&rsquo;un c\u00f4t\u00e9 c&rsquo;est la mesure d&rsquo;un <strong>ph\u00e9nom\u00e8ne astrophysique <\/strong>(les SN1A,par exemple) et de l&rsquo;autre d&rsquo;un <strong>ph\u00e9nom\u00e8ne cosmologique<\/strong> (le RFC dont on d\u00e9duit la taille de l&rsquo;univers), n&rsquo;est-il pas une piste pour expliquer cette incompatibilit\u00e9?<\/p>\n\n\n\n<p>En effet, par rapport \u00e0 la dynamique globale de l&rsquo;univers (du big bang \u00e0 nos jours) , la mesure astrophysique n&rsquo;en concerne qu&rsquo;une infime partie (z&lt;1) qui n&rsquo;est pas n\u00e9cessairement repr\u00e9sentative de celle de l&rsquo;univers dans sa globalit\u00e9.  <\/p>\n\n\n\n<p>Il s&rsquo;agit d&rsquo;une mesure \u00ab\u00a0locale\u00a0\u00bb, m\u00eame si la distance est grande, ceci voulant dire que des inhomog\u00e9n\u00e9it\u00e9s \u00ab\u00a0locales\u00a0\u00bb (\u00e0 cette \u00e9chelle) par rapport \u00e0 la globalit\u00e9 de l&rsquo;univers dont les param\u00e8tres r\u00e9gissent la dynamique de l&rsquo;ensemble de l&rsquo;univers, peuvent jouer un r\u00f4le significatif localement. <\/p>\n\n\n\n<p><\/p>\n\n\n\n<p>En effet l&rsquo;hypoth\u00e8se, a priori, d&rsquo;homog\u00e9n\u00e9it\u00e9 et d&rsquo;isotropie, \u00e0 grande \u00e9chelle de l&rsquo;univers n&rsquo;est pas valid\u00e9e par les mesures (grands relev\u00e9s), et les simulations qui mettent en \u00e9vidence une structure en \u00e9ponge \u00e0 l&rsquo;\u00e9chelle de l&rsquo;univers. <\/p>\n\n\n\n<p>La m\u00e9thode \u00ab\u00a0perturbative\u00a0\u00bb utilis\u00e9e pour expliquer comment des \u00ab\u00a0surdensit\u00e9s locales\u00a0\u00bb  ont permis la cr\u00e9ation des grandes structures et galaxies avec leurs \u00e9toiles semble s&rsquo;appliquer \u00e0 l&rsquo;\u00e9chelle de l&rsquo;univers (structure en \u00e9ponge) et il est l\u00e9gitime de se demander si cela n&rsquo;est pas sans influence sur la dynamique globale comme certaines \u00e9tudes le proposent et qu&rsquo;un ph\u00e9nom\u00e8ne qu&rsquo;on a trait\u00e9 de mani\u00e8re \u00ab\u00a0perturbative\u00a0\u00bb (sans effet sur la dynamique cosmologique)  est vraiment sans effet au niveau global.<\/p>\n\n\n\n<h2 class=\"wp-block-heading\">Fiabilit\u00e9 de la m\u00e9thode cosmologique (Planck)<\/h2>\n\n\n\n<p>Si, \u00e0 ce titre la mesure cosmologique doit mieux refl\u00e9ter la dynamique de l&rsquo;univers dans sa globalit\u00e9, notons toutefois que, dans cette mesure, les inhomog\u00e9n\u00e9it\u00e9s, mesur\u00e9es par la collaboration Planck, r\u00e9sultent de ph\u00e9nom\u00e8nes ant\u00e9rieurs au RFC (lui-m\u00eame \u00e0 z =1089), mod\u00e9lis\u00e9s par des comportements (entre-autres) de propagation d&rsquo;ondes acoustiques dans des plasmas, qui au d\u00e9but du ph\u00e9nom\u00e8ne sont dans des conditions extr\u00eames, que nous ne savons, sans doute, pas reproduire.<\/p>\n\n\n\n<p> Ceci introduit un autre param\u00e8tre d&rsquo;incertitude. En effet, si le LHC peut en cr\u00e9er des quantit\u00e9s infimes de plasma tr\u00e8s chaud, jusqu&rsquo;\u00e0 quelques TeV, dans le ph\u00e9nom\u00e8ne le plasma constitue l&rsquo;univers entier et nous n&rsquo;avons pas la capacit\u00e9  de tester exp\u00e9rimentalement une telle situation. Cela peut faire une diff\u00e9rence!<\/p>\n\n\n\n<h2 class=\"wp-block-heading\">Coh\u00e9rence entre les mesures astrophysiques et cosmologiques?<\/h2>\n\n\n\n<p>La relativit\u00e9 g\u00e9n\u00e9rale stipule que l&rsquo;univers est totalement d\u00e9termin\u00e9 par la nature physique et r\u00e9partition des ses \u00e9l\u00e9ments \u00ab\u00a0astrophysiques\u00a0\u00bb, en vertu du principe de Mach, principe qui a inspir\u00e9 Einstein dans la construction de sa th\u00e9orie. En particulier il justifiait la nature de l&rsquo;inertie par l&rsquo;interaction gravitationnelle entre toutes les masses de l&rsquo;univers.  <\/p>\n\n\n\n<p>Ceci invoque implicitement la gravitation mod\u00e9lis\u00e9e g\u00e9om\u00e9triquement par une vari\u00e9t\u00e9 en relativit\u00e9 g\u00e9n\u00e9rale. Notons que le mod\u00e8le g\u00e9om\u00e9trique d&rsquo;un objet n&rsquo;est pas l&rsquo;objet qui est de nature physique (il ne sont pas de m\u00eame nature), mais illustre sa ph\u00e9nom\u00e9nologie. <\/p>\n\n\n\n<p>En particulier le mod\u00e8le g\u00e9om\u00e9trique de la relativit\u00e9 g\u00e9n\u00e9rale d\u00e9crit de mani\u00e8re tr\u00e8s \u00e9l\u00e9gante (non lin\u00e9aire) la dynamique (ce qui int\u00e9resse le physicien) des objets dans le syst\u00e8me d\u00e9fini par la g\u00e9om\u00e9trie globale.  Ceci implique -t-il  que les ph\u00e9nom\u00e8nes astrophysiques sont coh\u00e9rents (conduisent aux m\u00eames r\u00e9sultats) avec les ph\u00e9nom\u00e8nes cosmologiques. Par construction, la r\u00e9ponse de la relativit\u00e9 est positive. <\/p>\n\n\n\n<p><\/p>\n\n\n\n<p>Mais peut-on le v\u00e9rifier exp\u00e9rimentalement? Ce n&rsquo;est pas si simple, car les mod\u00e8les d\u00e9duits de la th\u00e9orie et de l&rsquo;exp\u00e9rience (la th\u00e9orie ne d\u00e9finit pas la constitution astrophysique de l&rsquo;univers, c&rsquo;est une donn\u00e9e exp\u00e9rimentale, elle d\u00e9finit le syst\u00e8me (ici l&rsquo;univers) correspondant \u00e0 ces donn\u00e9es. Il se trouve que dans les univers  r\u00e9sultant de l&rsquo;application de cette m\u00e9thode, on est amen\u00e9 \u00e0 supposer de la mati\u00e8re noire et de l&rsquo;\u00e9nergie noire (le tout \u00e0 hauteur de 95%), de nature inconnue pour proposer des solutions de la relativit\u00e9 g\u00e9n\u00e9rale  satisfaisant aux observations.<\/p>\n\n\n\n<p> Ceci peut \u00eatre une piste de r\u00e9flexion pour comprendre les incompatibilit\u00e9s entre les mesures astrophysiques et cosmologiques. <\/p>\n\n\n\n<h2 class=\"wp-block-heading\">L&rsquo;inhomog\u00e9n\u00e9it\u00e9 peut-elle \u00eatre invoqu\u00e9e pour expliquer l&rsquo;incompatibilit\u00e9 ?<\/h2>\n\n\n\n<p>Ind\u00e9pendamment de l&rsquo;argumentaire d\u00e9velopp\u00e9 au paragraphe pr\u00e9c\u00e9dent, il faut rappeler que l&rsquo;homog\u00e9n\u00e9it\u00e9 et l&rsquo;isotropie suppos\u00e9e de l&rsquo;univers, (principe copernicien, mais aussi hypoth\u00e8se simplificatrice permettant d&rsquo;obtenir une solution analytique)  n&rsquo;est valable qu&rsquo;\u00e0 l&rsquo;\u00e9chelle de l&rsquo;univers) mais que localement (\u00e0 l&rsquo;\u00e9chelle cosmologique  z&lt;1), au niveau des lois, ceci ne serait pas totalement v\u00e9rifi\u00e9 (de petites disparit\u00e9s pourraient exister) !<\/p>\n\n\n\n<p>Les observations et simulations montrent, qu&rsquo;en fait, m\u00eame \u00e0 des \u00e9chelles consid\u00e9rables  la mati\u00e8re est concentr\u00e9e sur les filaments et est loin d&rsquo;\u00eatre parfaitement homog\u00e8ne et isotrope (structure en \u00ab\u00a0\u00e9ponge).<\/p>\n\n\n\n<p>Par exemple nous pourrions \u00eatre dans une bulle locale (taille z &lt;1) de sur-densit\u00e9 ou de sous-densit\u00e9, ce qui, selon les \u00e9quations,  impliquerait une diff\u00e9rence de la valeur de la constante de Hubble avec celle calcul\u00e9e \u00e0 une \u00e9chelle beaucoup plus grande.<\/p>\n\n\n\n<p>D&rsquo;une part, une mesure de la constante de Hubble dans la bulle (z&lt;1) o\u00f9 nous serions,  ce qui est effectif pour nous et d&rsquo;autre part, une mesure de la constante de Hubble , pour l&rsquo;univers homog\u00e8ne et isotrope (z&gt;&gt;1). <\/p>\n\n\n\n<p>Notons qu&rsquo;un autre observateur, \u00e0 l&rsquo;ext\u00e9rieur de la bulle, dans une r\u00e9gion o\u00f9 l&rsquo;homog\u00e9n\u00e9it\u00e9 et l&rsquo;isotropie, avec les param\u00e8tres de l&rsquo;univers, seraient respect\u00e9es, obtiendrait les m\u00eames r\u00e9sultats avec les mesures astrophysique et cosmologique !<\/p>\n\n\n\n<p>Dans cette hypoth\u00e8se la relativit\u00e9 g\u00e9n\u00e9rale ne serait pas en cause, ce serait une approximation abusive des param\u00e8tres qu&rsquo;il faudrait invoquer.<\/p>\n\n\n\n<p>Ainsi les deux mesures seraient \u00ab\u00a0correctes\u00a0\u00bb mais se rapporteraient \u00e0 deux ph\u00e9nom\u00e8nes diff\u00e9rents.<\/p>\n\n\n\n<h2 class=\"wp-block-heading\">Et la th\u00e9orie dans tout cela?<\/h2>\n\n\n\n<p>La th\u00e9orie (l&rsquo;\u00e9quation d&rsquo;Einstein) ne dit pas de quoi l&rsquo;univers est fait, elle d\u00e9crit simplement sa dynamique en fonction des param\u00e8tres physiques qu&rsquo;on y introduit.<\/p>\n\n\n\n<p>Ce qu&rsquo;on peut lui reprocher (\u00e0 juste titre) c&rsquo;est de ne pas int\u00e9grer les ph\u00e9nom\u00e8nes quantiques, ce qui peut \u00eatre la source de ces probl\u00e8mes. Si cela est r\u00e9alis\u00e9 un jour, un grand pas sera franchi dans notre connaissance de l&rsquo;univers, car il n&rsquo;est pas douteux que dans les conditions d&rsquo;\u00e9nergie extr\u00eame qu&rsquo;a connu l&rsquo;univers ils ont jou\u00e9 un r\u00f4le. Notons que cela est marginalement introduit pour expliquer le spectre de puissance du RFC.<\/p>\n\n\n\n<h2 class=\"wp-block-heading\">La constante cosmologique est-elle constante?<\/h2>\n\n\n\n<p>Les  derniers \u00e9l\u00e9ments recueillis par l&rsquo;instrument DESI, ouvrent une possibilit\u00e9 d&rsquo;affaiblissement de cette constante au cours de l&rsquo;\u00e9volution de l&rsquo;univers, tel que mod\u00e9lis\u00e9 dans la m\u00e9trique de Robertson-Walker (mod\u00e8le chronologique, voir autres possibles descriptions dans d&rsquo;autres pages du site).<\/p>\n\n\n\n<p><\/p>\n\n\n\n<p>Le document ci dessous \u00e0 t\u00e9l\u00e9charger donne les \u00e9l\u00e9ments principaux de l&rsquo;approche standard pour traiter ce probl\u00e8me, on y trouvera, entre autres formules et \u00e9quations, la d\u00e9finition des termes employ\u00e9s.<\/p>\n\n\n\n<div data-wp-interactive=\"core\/file\" class=\"wp-block-file\"><object data-wp-bind--hidden=\"!state.hasPdfPreview\" hidden class=\"wp-block-file__embed\" data=\"https:\/\/vous-avez-dit-bigbang.fr\/wp-content\/uploads\/2024\/05\/hubble-constant-mesure-160424-2.pdf\" type=\"application\/pdf\" style=\"width:100%;height:600px\" aria-label=\"Contenu embarqu\u00e9 hubble-constant-mesure-160424-2.\"><\/object><a id=\"wp-block-file--media-9660d693-a1b2-4c3e-ad34-564862e0d9fb\" href=\"https:\/\/vous-avez-dit-bigbang.fr\/wp-content\/uploads\/2024\/05\/hubble-constant-mesure-160424-2.pdf\">hubble-constant-mesure-160424-2<\/a><a href=\"https:\/\/vous-avez-dit-bigbang.fr\/wp-content\/uploads\/2024\/05\/hubble-constant-mesure-160424-2.pdf\" class=\"wp-block-file__button wp-element-button\" download aria-describedby=\"wp-block-file--media-9660d693-a1b2-4c3e-ad34-564862e0d9fb\">T\u00e9l\u00e9charger<\/a><\/div>\n","protected":false},"excerpt":{"rendered":"<p>Introduction Un point, qui peut \u00eatre structurellement int\u00e9ressant, est de consid\u00e9rer les mesures qui posent probl\u00e8me . Astrophysique vs Cosmologie D&rsquo;une part, pour les mesures \u00e0 z&lt; 1, cette constante est \u00e9valu\u00e9e en utilisant un ph\u00e9nom\u00e8ne astrophysique, par exemple, le fait que la luminosit\u00e9 intrins\u00e8que (absolue) des supernovas est r\u00e9put\u00e9e constante, ce qui en fait &hellip; <a href=\"https:\/\/vous-avez-dit-bigbang.fr\/?page_id=1153\" class=\"more-link\">Continuer la lecture<span class=\"screen-reader-text\"> de &laquo;&nbsp;Incompatibilit\u00e9 des mesures de la constante de Hubble pour z&lt;1 et z>>1. Astrophysique vs Cosmologie?(5\/05\/24)&nbsp;&raquo;<\/span><\/a><\/p>\n","protected":false},"author":1,"featured_media":0,"parent":0,"menu_order":0,"comment_status":"closed","ping_status":"closed","template":"","meta":{"footnotes":""},"class_list":["post-1153","page","type-page","status-publish","hentry"],"_links":{"self":[{"href":"https:\/\/vous-avez-dit-bigbang.fr\/index.php?rest_route=\/wp\/v2\/pages\/1153","targetHints":{"allow":["GET"]}}],"collection":[{"href":"https:\/\/vous-avez-dit-bigbang.fr\/index.php?rest_route=\/wp\/v2\/pages"}],"about":[{"href":"https:\/\/vous-avez-dit-bigbang.fr\/index.php?rest_route=\/wp\/v2\/types\/page"}],"author":[{"embeddable":true,"href":"https:\/\/vous-avez-dit-bigbang.fr\/index.php?rest_route=\/wp\/v2\/users\/1"}],"replies":[{"embeddable":true,"href":"https:\/\/vous-avez-dit-bigbang.fr\/index.php?rest_route=%2Fwp%2Fv2%2Fcomments&post=1153"}],"version-history":[{"count":28,"href":"https:\/\/vous-avez-dit-bigbang.fr\/index.php?rest_route=\/wp\/v2\/pages\/1153\/revisions"}],"predecessor-version":[{"id":2887,"href":"https:\/\/vous-avez-dit-bigbang.fr\/index.php?rest_route=\/wp\/v2\/pages\/1153\/revisions\/2887"}],"wp:attachment":[{"href":"https:\/\/vous-avez-dit-bigbang.fr\/index.php?rest_route=%2Fwp%2Fv2%2Fmedia&parent=1153"}],"curies":[{"name":"wp","href":"https:\/\/api.w.org\/{rel}","templated":true}]}}